CRAN Package Check Results for Package valuer

Last updated on 2017-09-26 01:47:57.

Flavor Version Tinstall Tcheck Ttotal Status Flags
r-devel-linux-x86_64-debian-clang 1.1.1 12.78 98.42 111.20 NOTE
r-devel-linux-x86_64-debian-gcc 1.1.1 10.78 98.37 109.15 NOTE
r-devel-linux-x86_64-fedora-clang 1.1.1 230.87 NOTE
r-devel-linux-x86_64-fedora-gcc 1.1.1 227.29 NOTE
r-devel-windows-ix86+x86_64 1.1.1 29.00 343.00 372.00 OK
r-patched-linux-x86_64 1.1.1 10.35 98.13 108.49 NOTE
r-patched-solaris-x86 1.1.1 262.10 OK
r-release-linux-x86_64 1.1.1 10.01 103.93 113.94 NOTE
r-release-windows-ix86+x86_64 1.1.1 33.00 257.00 290.00 OK
r-release-osx-x86_64 1.1.1 OK
r-oldrel-windows-ix86+x86_64 1.1.1 37.00 272.00 309.00 OK
r-oldrel-osx-x86_64 1.1.1 OK

Check Details

Version: 1.1.1
Check: compiled code
Result: NOTE
    File ‘valuer/libs/valuer.so’:
     Found no calls to: ‘R_registerRoutines’, ‘R_useDynamicSymbols’
    
    It is good practice to register native routines and to disable symbol
    search.
    
    See ‘Writing portable packages’ in the ‘Writing R Extensions’ manual.
Flavors: r-devel-linux-x86_64-debian-clang, r-devel-linux-x86_64-debian-gcc, r-devel-linux-x86_64-fedora-clang, r-devel-linux-x86_64-fedora-gcc, r-patched-linux-x86_64, r-release-linux-x86_64