CRAN Package Check Results for Package vegtable

Last updated on 2017-09-26 01:47:57.

Flavor Version Tinstall Tcheck Ttotal Status Flags
r-devel-linux-x86_64-debian-clang 0.1.0 8.50 90.09 98.59 OK
r-devel-linux-x86_64-debian-gcc 0.1.0 8.47 86.73 95.19 OK
r-devel-linux-x86_64-fedora-clang 0.1.0 211.08 NOTE
r-devel-linux-x86_64-fedora-gcc 0.1.0 211.79 NOTE
r-devel-windows-ix86+x86_64 0.1.0 26.00 177.00 203.00 OK
r-patched-linux-x86_64 0.1.0 8.62 91.63 100.26 OK
r-patched-solaris-x86 0.1.0 319.20 NOTE
r-release-linux-x86_64 0.1.0 8.51 90.62 99.13 OK
r-release-windows-ix86+x86_64 0.1.0 27.00 142.00 169.00 OK
r-release-osx-x86_64 0.1.0 NOTE
r-oldrel-windows-ix86+x86_64 0.1.0 25.00 148.00 173.00 OK
r-oldrel-osx-x86_64 0.1.0 NOTE

Check Details

Version: 0.1.0
Check: data for non-ASCII characters
Result: NOTE
     Note: found 124 marked UTF-8 strings
Flavors: r-devel-linux-x86_64-fedora-clang, r-devel-linux-x86_64-fedora-gcc, r-patched-solaris-x86, r-release-osx-x86_64, r-oldrel-osx-x86_64