CRAN Package Check Results for Package waccR

Last updated on 2017-09-26 01:47:58.

Flavor Version Tinstall Tcheck Ttotal Status Flags
r-devel-linux-x86_64-debian-clang 0.1.0 1.14 22.43 23.58 OK
r-devel-linux-x86_64-debian-gcc 0.1.0 1.45 21.48 22.93 OK
r-devel-linux-x86_64-fedora-clang 0.1.0 37.63 NOTE
r-devel-linux-x86_64-fedora-gcc 0.1.0 37.08 NOTE
r-devel-windows-ix86+x86_64 0.1.0 5.00 47.00 52.00 OK
r-patched-linux-x86_64 0.1.0 1.18 21.92 23.10 OK
r-patched-solaris-x86 0.1.0 52.80 NOTE
r-release-linux-x86_64 0.1.0 1.17 22.22 23.39 OK
r-release-windows-ix86+x86_64 0.1.0 5.00 45.00 50.00 OK
r-release-osx-x86_64 0.1.0 NOTE
r-oldrel-windows-ix86+x86_64 0.1.0 7.00 40.00 47.00 OK
r-oldrel-osx-x86_64 0.1.0 NOTE

Check Details

Version: 0.1.0
Check: dependencies in R code
Result: NOTE
    Namespaces in Imports field not imported from:
     ‘lubridate’ ‘tibble’
     All declared Imports should be used.
Flavors: r-devel-linux-x86_64-fedora-clang, r-devel-linux-x86_64-fedora-gcc, r-patched-solaris-x86, r-release-osx-x86_64, r-oldrel-osx-x86_64