CRAN Package Check Results for Package weightTAPSPACK

Last updated on 2017-09-26 01:47:58.

Flavor Version Tinstall Tcheck Ttotal Status Flags
r-devel-linux-x86_64-debian-clang 0.1 46.06 46.46 92.52 OK
r-devel-linux-x86_64-debian-gcc 0.1 46.20 44.88 91.07 OK
r-devel-linux-x86_64-fedora-clang 0.1 179.57 OK
r-devel-linux-x86_64-fedora-gcc 0.1 181.74 OK
r-devel-windows-ix86+x86_64 0.1 66.00 87.00 153.00 OK
r-patched-linux-x86_64 0.1 46.92 46.53 93.46 OK
r-patched-solaris-x86 0.1 328.90 OK
r-release-linux-x86_64 0.1 47.57 47.91 95.47 OK
r-release-windows-ix86+x86_64 0.1 73.00 72.00 145.00 OK
r-release-osx-x86_64 0.1 ERROR
r-oldrel-windows-ix86+x86_64 0.1 89.00 81.00 170.00 OK
r-oldrel-osx-x86_64 0.1 OK

Check Details

Version: 0.1
Check: package dependencies
Result: ERROR
    Package required but not available: ‘HotDeckImputation’
    
    See section ‘The DESCRIPTION file’ in the ‘Writing R Extensions’
    manual.
Flavor: r-release-osx-x86_64