CRAN Package Check Results for Package widyr

Last updated on 2017-09-26 01:47:58.

Flavor Version Tinstall Tcheck Ttotal Status Flags
r-devel-linux-x86_64-debian-clang 0.1.0 3.03 62.30 65.33 OK
r-devel-linux-x86_64-debian-gcc 0.1.0 3.19 59.03 62.21 OK
r-devel-linux-x86_64-fedora-clang 0.1.0 135.14 NOTE
r-devel-linux-x86_64-fedora-gcc 0.1.0 133.15 NOTE
r-devel-windows-ix86+x86_64 0.1.0 9.00 135.00 144.00 OK
r-patched-linux-x86_64 0.1.0 3.18 59.17 62.34 OK
r-patched-solaris-x86 0.1.0 186.10 NOTE
r-release-linux-x86_64 0.1.0 3.36 59.74 63.11 OK
r-release-windows-ix86+x86_64 0.1.0 8.00 112.00 120.00 OK
r-release-osx-x86_64 0.1.0 NOTE
r-oldrel-windows-ix86+x86_64 0.1.0 9.00 115.00 124.00 OK
r-oldrel-osx-x86_64 0.1.0 NOTE

Check Details

Version: 0.1.0
Check: dependencies in R code
Result: NOTE
    Namespace in Imports field not imported from: ‘methods’
     All declared Imports should be used.
Flavors: r-devel-linux-x86_64-fedora-clang, r-devel-linux-x86_64-fedora-gcc, r-patched-solaris-x86, r-release-osx-x86_64, r-oldrel-osx-x86_64