Last updated on 2017-09-26 01:47:58.
Flavor | Version | Tinstall | Tcheck | Ttotal | Status | Flags |
---|---|---|---|---|---|---|
r-devel-linux-x86_64-debian-clang | 0.6.1 | 1.76 | 14.97 | 16.73 | OK | |
r-devel-linux-x86_64-debian-gcc | 0.6.1 | 1.54 | 14.60 | 16.14 | OK | |
r-devel-linux-x86_64-fedora-clang | 0.6.1 | 28.51 | NOTE | |||
r-devel-linux-x86_64-fedora-gcc | 0.6.1 | 27.89 | NOTE | |||
r-devel-windows-ix86+x86_64 | 0.6.1 | 6.00 | 35.00 | 41.00 | NOTE | |
r-patched-linux-x86_64 | 0.6.1 | 1.62 | 14.71 | 16.32 | OK | |
r-patched-solaris-x86 | 0.6.1 | 42.40 | NOTE | |||
r-release-linux-x86_64 | 0.6.1 | 1.78 | 14.94 | 16.73 | OK | |
r-release-windows-ix86+x86_64 | 0.6.1 | 5.00 | 34.00 | 39.00 | NOTE | |
r-release-osx-x86_64 | 0.6.1 | NOTE | ||||
r-oldrel-windows-ix86+x86_64 | 0.6.1 | 5.00 | 31.00 | 36.00 | NOTE | |
r-oldrel-osx-x86_64 | 0.6.1 | NOTE |
Version: 0.6.1
Check: installed package size
Result: NOTE
installed size is 10.8Mb
sub-directories of 1Mb or more:
java 10.7Mb
Flavors: r-devel-linux-x86_64-fedora-clang, r-devel-linux-x86_64-fedora-gcc, r-devel-windows-ix86+x86_64, r-patched-solaris-x86, r-release-windows-ix86+x86_64, r-release-osx-x86_64, r-oldrel-windows-ix86+x86_64, r-oldrel-osx-x86_64