CRAN Package Check Results for Package zenplots

Last updated on 2017-09-26 01:47:59.

Flavor Version Tinstall Tcheck Ttotal Status Flags
r-devel-linux-x86_64-debian-clang 0.0-1 2.56 71.78 74.34 OK
r-devel-linux-x86_64-debian-gcc 0.0-1 2.53 69.99 72.52 OK
r-devel-linux-x86_64-fedora-clang 0.0-1 125.38 OK
r-devel-linux-x86_64-fedora-gcc 0.0-1 123.18 OK
r-devel-windows-ix86+x86_64 0.0-1 10.00 160.00 170.00 OK
r-patched-linux-x86_64 0.0-1 2.55 69.85 72.41 OK
r-patched-solaris-x86 0.0-1 184.20 OK
r-release-linux-x86_64 0.0-1 2.31 71.02 73.33 OK
r-release-windows-ix86+x86_64 0.0-1 10.00 148.00 158.00 OK
r-release-osx-x86_64 0.0-1 ERROR
r-oldrel-windows-ix86+x86_64 0.0-1 12.00 143.00 155.00 OK
r-oldrel-osx-x86_64 0.0-1 OK

Check Details

Version: 0.0-1
Check: package dependencies
Result: ERROR
    Packages required but not available: ‘graph’ ‘PairViz’
    
    Package suggested but not available for checking: ‘Rgraphviz’
    
    See section ‘The DESCRIPTION file’ in the ‘Writing R Extensions’
    manual.
Flavor: r-release-osx-x86_64