Last updated on 2017-12-20 00:46:39 CET.
Flavor | Version | Tinstall | Tcheck | Ttotal | Status | Flags |
---|---|---|---|---|---|---|
r-devel-linux-x86_64-debian-clang | 1.1 | 3.68 | 44.66 | 48.34 | NOTE | |
r-devel-linux-x86_64-debian-gcc | 1.1 | NOTE | ||||
r-devel-linux-x86_64-fedora-clang | 1.1 | 75.53 | NOTE | |||
r-devel-linux-x86_64-fedora-gcc | 1.1 | 71.83 | NOTE | |||
r-devel-windows-ix86+x86_64 | 1.1 | 9.00 | 65.00 | 74.00 | NOTE | |
r-patched-linux-x86_64 | 1.1 | 4.23 | 55.92 | 60.15 | NOTE | |
r-patched-solaris-x86 | 1.1 | 119.00 | NOTE | |||
r-release-linux-x86_64 | 1.1 | 3.72 | 56.24 | 59.96 | NOTE | |
r-release-windows-ix86+x86_64 | 1.1 | 7.00 | 81.00 | 88.00 | NOTE | |
r-release-osx-x86_64 | 1.1 | NOTE | ||||
r-oldrel-windows-ix86+x86_64 | 1.1 | 7.00 | 92.00 | 99.00 | NOTE | |
r-oldrel-osx-x86_64 | 1.1 | NOTE |
Version: 1.1
Check: R code for possible problems
Result: NOTE
AMOEBA : Classi: no visible global function definition for ‘sd’
Undefined global functions or variables:
sd
Consider adding
importFrom("stats", "sd")
to your NAMESPACE file.
Flavors: r-devel-linux-x86_64-debian-clang, r-devel-linux-x86_64-debian-gcc, r-devel-linux-x86_64-fedora-clang, r-devel-linux-x86_64-fedora-gcc, r-devel-windows-ix86+x86_64, r-patched-linux-x86_64, r-patched-solaris-x86, r-release-linux-x86_64, r-release-windows-ix86+x86_64, r-release-osx-x86_64, r-oldrel-windows-ix86+x86_64, r-oldrel-osx-x86_64