CRAN Package Check Results for Package ARPobservation

Last updated on 2017-12-20 00:46:40 CET.

Flavor Version Tinstall Tcheck Ttotal Status Flags
r-devel-linux-x86_64-debian-clang 1.1 0.89 31.24 32.13 NOTE
r-devel-linux-x86_64-debian-gcc 1.1 NOTE
r-devel-linux-x86_64-fedora-clang 1.1 45.00 NOTE
r-devel-linux-x86_64-fedora-gcc 1.1 43.10 NOTE
r-devel-windows-ix86+x86_64 1.1 5.00 45.00 50.00 NOTE
r-patched-linux-x86_64 1.1 0.95 34.49 35.44 NOTE
r-patched-solaris-x86 1.1 53.10 NOTE
r-release-linux-x86_64 1.1 0.86 34.45 35.31 NOTE
r-release-windows-ix86+x86_64 1.1 4.00 53.00 57.00 NOTE
r-release-osx-x86_64 1.1 NOTE
r-oldrel-windows-ix86+x86_64 1.1 3.00 58.00 61.00 NOTE
r-oldrel-osx-x86_64 1.1 NOTE

Check Details

Version: 1.1
Check: R code for possible problems
Result: NOTE
    E_logitnorm : <anonymous>: no visible global function definition for
     ‘integrate’
    F_const : <anonymous>: no visible global function definition for
     ‘runif’
    F_exp : <anonymous>: no visible global function definition for ‘rexp’
    F_gam : <anonymous>: no visible global function definition for ‘rgamma’
    F_gam_mix : <anonymous>: no visible global function definition for
     ‘rbinom’
    F_gam_mix : <anonymous>: no visible global function definition for
     ‘rgamma’
    F_unif : <anonymous>: no visible global function definition for ‘runif’
    F_weib : <anonymous>: no visible global function definition for
     ‘rweibull’
    PIR_MOM: no visible binding for global variable ‘var’
    PIR_Phi: no visible global function definition for ‘uniroot’
    PIRbootstrappair: no visible binding for global variable ‘var’
    PIRbootstrappair: no visible global function definition for ‘quantile’
    PIRbootstrappair_old: no visible global function definition for
     ‘quantile’
    eta_star_phi : <anonymous>: no visible global function definition for
     ‘uniroot’
    generatePIRData: no visible binding for global variable ‘var’
    incidence_bounds: no visible binding for global variable ‘var’
    incidence_bounds: no visible binding for global variable ‘nobs’
    incidence_bounds: no visible global function definition for ‘qnorm’
    interim_bounds: no visible binding for global variable ‘var’
    interim_bounds: no visible binding for global variable ‘nobs’
    interim_bounds: no visible global function definition for ‘qnorm’
    logRespRatio: no visible binding for global variable ‘var’
    logRespRatio: no visible global function definition for ‘qnorm’
    pgamma_eq: no visible global function definition for ‘pgamma’
    prevalence_bounds: no visible binding for global variable ‘var’
    prevalence_bounds: no visible binding for global variable ‘nobs’
    prevalence_bounds: no visible global function definition for ‘qnorm’
    pweibull_eq: no visible global function definition for ‘integrate’
    r_AR1: no visible global function definition for ‘rnorm’
    r_AR1: no visible global function definition for ‘dist’
    r_behavior_stream_single: no visible global function definition for
     ‘rbinom’
    reported_observations: no visible global function definition for
     ‘aggregate’
    reported_observations: no visible binding for global variable ‘var’
    rgamma_eq : <anonymous>: no visible global function definition for
     ‘uniroot’
    rgamma_eq: no visible global function definition for ‘runif’
    rgamma_mix_eq : <anonymous>: no visible global function definition for
     ‘uniroot’
    rgamma_mix_eq: no visible global function definition for ‘runif’
    rweibull_eq : <anonymous>: no visible global function definition for
     ‘uniroot’
    rweibull_eq: no visible global function definition for ‘runif’
    smooth_cov: no visible global function definition for ‘dist’
    Undefined global functions or variables:
     aggregate dist integrate nobs pgamma qnorm quantile rbinom rexp
     rgamma rnorm runif rweibull uniroot var
    Consider adding
     importFrom("stats", "aggregate", "dist", "integrate", "nobs", "pgamma",
     "qnorm", "quantile", "rbinom", "rexp", "rgamma", "rnorm",
     "runif", "rweibull", "uniroot", "var")
    to your NAMESPACE file.
Flavors: r-devel-linux-x86_64-debian-clang, r-devel-linux-x86_64-debian-gcc, r-devel-linux-x86_64-fedora-clang, r-devel-linux-x86_64-fedora-gcc, r-devel-windows-ix86+x86_64, r-patched-linux-x86_64, r-patched-solaris-x86, r-release-linux-x86_64, r-release-windows-ix86+x86_64, r-release-osx-x86_64, r-oldrel-windows-ix86+x86_64, r-oldrel-osx-x86_64