Last updated on 2017-12-20 00:46:40 CET.
Flavor | Version | Tinstall | Tcheck | Ttotal | Status | Flags |
---|---|---|---|---|---|---|
r-devel-linux-x86_64-debian-clang | 1.2 | 3.15 | 50.92 | 54.07 | NOTE | |
r-devel-linux-x86_64-debian-gcc | 1.2 | NOTE | ||||
r-devel-linux-x86_64-fedora-clang | 1.2 | 81.37 | NOTE | |||
r-devel-linux-x86_64-fedora-gcc | 1.2 | 77.60 | NOTE | |||
r-devel-windows-ix86+x86_64 | 1.2 | 11.00 | 75.00 | 86.00 | NOTE | |
r-patched-linux-x86_64 | 1.2 | 3.92 | 61.43 | 65.35 | NOTE | |
r-patched-solaris-x86 | 1.2 | 133.30 | NOTE | |||
r-release-linux-x86_64 | 1.2 | 2.99 | 61.13 | 64.12 | NOTE | |
r-release-windows-ix86+x86_64 | 1.2 | 6.00 | 75.00 | 81.00 | NOTE | |
r-release-osx-x86_64 | 1.2 | NOTE | ||||
r-oldrel-windows-ix86+x86_64 | 1.2 | 11.00 | 91.00 | 102.00 | NOTE | |
r-oldrel-osx-x86_64 | 1.2 | NOTE |
Version: 1.2
Check: R code for possible problems
Result: NOTE
LHSdesign: no visible global function definition for ‘qnorm’
LHSdesign: no visible global function definition for ‘qunif’
LHSdesign: no visible global function definition for ‘qt’
MCdesign: no visible global function definition for ‘rnorm’
MCdesign: no visible global function definition for ‘runif’
MCdesign: no visible global function definition for ‘rt’
Undefined global functions or variables:
qnorm qt qunif rnorm rt runif
Consider adding
importFrom("stats", "qnorm", "qt", "qunif", "rnorm", "rt", "runif")
to your NAMESPACE file.
Flavors: r-devel-linux-x86_64-debian-clang, r-devel-linux-x86_64-debian-gcc, r-devel-linux-x86_64-fedora-clang, r-devel-linux-x86_64-fedora-gcc, r-devel-windows-ix86+x86_64, r-patched-linux-x86_64, r-patched-solaris-x86, r-release-linux-x86_64, r-release-windows-ix86+x86_64, r-release-osx-x86_64, r-oldrel-windows-ix86+x86_64, r-oldrel-osx-x86_64