Last updated on 2017-12-20 00:46:41 CET.
Flavor | Version | Tinstall | Tcheck | Ttotal | Status | Flags |
---|---|---|---|---|---|---|
r-devel-linux-x86_64-debian-clang | 1.11.189 | 2.53 | 20.74 | 23.27 | OK | |
r-devel-linux-x86_64-debian-gcc | 1.11.189 | OK | ||||
r-devel-linux-x86_64-fedora-clang | 1.11.189 | 32.05 | NOTE | |||
r-devel-linux-x86_64-fedora-gcc | 1.11.189 | 30.07 | NOTE | |||
r-devel-windows-ix86+x86_64 | 1.11.189 | 63.00 | 29.00 | 92.00 | NOTE | |
r-patched-linux-x86_64 | 1.11.189 | 2.88 | 23.93 | 26.81 | OK | |
r-patched-solaris-x86 | 1.11.189 | 42.60 | NOTE | |||
r-release-linux-x86_64 | 1.11.189 | 2.79 | 23.30 | 26.09 | OK | |
r-release-windows-ix86+x86_64 | 1.11.189 | 68.00 | 48.00 | 116.00 | NOTE | |
r-release-osx-x86_64 | 1.11.189 | NOTE | ||||
r-oldrel-windows-ix86+x86_64 | 1.11.189 | 67.00 | 36.00 | 103.00 | NOTE | |
r-oldrel-osx-x86_64 | 1.11.189 | NOTE |
Version: 1.11.189
Check: installed package size
Result: NOTE
installed size is 67.2Mb
sub-directories of 1Mb or more:
java 67.2Mb
Flavors: r-devel-linux-x86_64-fedora-clang, r-devel-linux-x86_64-fedora-gcc, r-devel-windows-ix86+x86_64, r-patched-solaris-x86, r-release-windows-ix86+x86_64, r-release-osx-x86_64, r-oldrel-windows-ix86+x86_64, r-oldrel-osx-x86_64