CRAN Package Check Results for Package ArfimaMLM

Last updated on 2017-12-20 00:46:40 CET.

Flavor Version Tinstall Tcheck Ttotal Status Flags
r-devel-linux-x86_64-debian-clang 1.3 4.26 67.62 71.88 NOTE
r-devel-linux-x86_64-debian-gcc 1.3 NOTE
r-devel-linux-x86_64-fedora-clang 1.3 111.16 NOTE
r-devel-linux-x86_64-fedora-gcc 1.3 106.65 NOTE
r-devel-windows-ix86+x86_64 1.3 15.00 92.00 107.00 NOTE
r-patched-linux-x86_64 1.3 4.63 88.21 92.84 NOTE
r-patched-solaris-x86 1.3 185.60 NOTE
r-release-linux-x86_64 1.3 4.54 86.40 90.94 NOTE
r-release-windows-ix86+x86_64 1.3 8.00 95.00 103.00 NOTE
r-release-osx-x86_64 1.3 NOTE
r-oldrel-windows-ix86+x86_64 1.3 13.00 121.00 134.00 NOTE
r-oldrel-osx-x86_64 1.3 NOTE

Check Details

Version: 1.3
Check: R code for possible problems
Result: NOTE
    arfimaOLS: no visible global function definition for ‘lm’
    arfimaPrep: no visible global function definition for ‘aggregate’
    arfimaPrep: no visible global function definition for ‘arima’
    arfimaPrep: no visible global function definition for ‘lm’
    arfimaPrep: no visible global function definition for ‘residuals’
    Undefined global functions or variables:
     aggregate arima lm residuals
    Consider adding
     importFrom("stats", "aggregate", "arima", "lm", "residuals")
    to your NAMESPACE file.
Flavors: r-devel-linux-x86_64-debian-clang, r-devel-linux-x86_64-debian-gcc, r-devel-linux-x86_64-fedora-clang, r-devel-linux-x86_64-fedora-gcc, r-devel-windows-ix86+x86_64, r-patched-linux-x86_64, r-patched-solaris-x86, r-release-linux-x86_64, r-release-windows-ix86+x86_64, r-release-osx-x86_64, r-oldrel-windows-ix86+x86_64, r-oldrel-osx-x86_64