Last updated on 2017-12-20 00:46:41 CET.
Flavor | Version | Tinstall | Tcheck | Ttotal | Status | Flags |
---|---|---|---|---|---|---|
r-devel-linux-x86_64-debian-clang | 1.0.0 | 1092.34 | 88.26 | 1180.60 | OK | |
r-devel-linux-x86_64-debian-gcc | 1.0.0 | OK | ||||
r-devel-linux-x86_64-fedora-clang | 1.0.0 | 1758.16 | NOTE | |||
r-devel-linux-x86_64-fedora-gcc | 1.0.0 | 1877.81 | NOTE | |||
r-devel-windows-ix86+x86_64 | 1.0.0 | 1852.00 | 154.00 | 2006.00 | NOTE | |
r-patched-linux-x86_64 | 1.0.0 | 1145.42 | 100.46 | 1245.88 | OK | |
r-patched-solaris-x86 | 1.0.0 | 1431.50 | NOTE | |||
r-release-linux-x86_64 | 1.0.0 | 1163.03 | 99.96 | 1262.99 | OK | |
r-release-windows-ix86+x86_64 | 1.0.0 | 2106.00 | 151.00 | 2257.00 | NOTE | |
r-release-osx-x86_64 | 1.0.0 | NOTE | ||||
r-oldrel-windows-ix86+x86_64 | 1.0.0 | 2731.00 | 179.00 | 2910.00 | NOTE | |
r-oldrel-osx-x86_64 | 1.0.0 | NOTE |
Version: 1.0.0
Check: installed package size
Result: NOTE
installed size is 100.6Mb
sub-directories of 1Mb or more:
libs 100.2Mb
Flavors: r-devel-linux-x86_64-fedora-clang, r-devel-linux-x86_64-fedora-gcc, r-devel-windows-ix86+x86_64, r-patched-solaris-x86, r-release-windows-ix86+x86_64, r-release-osx-x86_64, r-oldrel-windows-ix86+x86_64, r-oldrel-osx-x86_64