CRAN Package Check Results for Package BClustLonG

Last updated on 2017-12-20 00:46:41 CET.

Flavor Version Tinstall Tcheck Ttotal Status Flags
r-devel-linux-x86_64-debian-clang 0.1.2 27.62 123.97 151.59 OK
r-devel-linux-x86_64-debian-gcc 0.1.2 OK
r-devel-linux-x86_64-fedora-clang 0.1.2 217.97 OK
r-devel-linux-x86_64-fedora-gcc 0.1.2 202.37 OK
r-devel-windows-ix86+x86_64 0.1.2 79.00 188.00 267.00 OK
r-patched-linux-x86_64 0.1.2 28.45 154.35 182.80 OK
r-patched-solaris-x86 0.1.2 256.50 OK
r-release-linux-x86_64 0.1.2 29.03 150.66 179.69 OK
r-release-windows-ix86+x86_64 0.1.2 65.00 206.00 271.00 OK
r-release-osx-x86_64 0.1.2 OK
r-oldrel-osx-x86_64 0.1.2 ERROR

Check Details

Version: 0.1.2
Check: whether package can be installed
Result: ERROR
    Installation failed.
Flavor: r-oldrel-osx-x86_64