Last updated on 2017-12-20 00:46:41 CET.
Flavor | Version | Tinstall | Tcheck | Ttotal | Status | Flags |
---|---|---|---|---|---|---|
r-devel-linux-x86_64-debian-clang | 1.65.0-1 | 18.51 | 28.44 | 46.95 | WARN | |
r-devel-linux-x86_64-debian-gcc | 1.65.0-1 | WARN | ||||
r-devel-linux-x86_64-fedora-clang | 1.65.0-1 | 61.30 | WARN | |||
r-devel-linux-x86_64-fedora-gcc | 1.65.0-1 | 59.13 | WARN | |||
r-devel-windows-ix86+x86_64 | 1.65.0-1 | 177.00 | 22.00 | 199.00 | NOTE | |
r-patched-linux-x86_64 | 1.65.0-1 | 17.56 | 24.14 | 41.70 | OK | |
r-patched-solaris-x86 | 1.65.0-1 | 149.60 | NOTE | |||
r-release-linux-x86_64 | 1.65.0-1 | 18.53 | 24.21 | 42.74 | OK | |
r-release-windows-ix86+x86_64 | 1.65.0-1 | 117.00 | 25.00 | 142.00 | NOTE | |
r-release-osx-x86_64 | 1.65.0-1 | NOTE | ||||
r-oldrel-windows-ix86+x86_64 | 1.65.0-1 | 129.00 | 24.00 | 153.00 | NOTE | |
r-oldrel-osx-x86_64 | 1.65.0-1 | NOTE |
Version: 1.65.0-1
Check: pragmas in C/C++ headers and code
Result: WARN
File which contains pragma(s) suppressing important diagnostics:
‘inst/include/boost/lexical_cast/try_lexical_convert.hpp’
Files which contain pragma(s) suppressing diagnostics:
‘inst/include/boost/atomic/detail/bitwise_cast.hpp’
‘inst/include/boost/get_pointer.hpp’
‘inst/include/boost/interprocess/detail/config_begin.hpp’
‘inst/include/boost/log/detail/header.hpp’
‘inst/include/boost/move/detail/std_ns_begin.hpp’
‘inst/include/boost/multi_index/detail/ignore_wstrict_aliasing.hpp’
‘inst/include/boost/random/detail/disable_warnings.hpp’
‘inst/include/boost/regex/v4/instances.hpp’
‘inst/include/boost/smart_ptr/detail/shared_count.hpp’
‘inst/include/boost/smart_ptr/scoped_ptr.hpp’
‘inst/include/boost/smart_ptr/shared_ptr.hpp’
‘inst/include/boost/tuple/detail/tuple_basic.hpp’
‘inst/include/boost/type_traits/has_logical_not.hpp’
Flavors: r-devel-linux-x86_64-debian-clang, r-devel-linux-x86_64-debian-gcc, r-devel-linux-x86_64-fedora-clang, r-devel-linux-x86_64-fedora-gcc
Version: 1.65.0-1
Check: installed package size
Result: NOTE
installed size is 141.6Mb
sub-directories of 1Mb or more:
include 141.5Mb
Flavors: r-devel-linux-x86_64-fedora-clang, r-devel-linux-x86_64-fedora-gcc, r-devel-windows-ix86+x86_64, r-patched-solaris-x86, r-release-windows-ix86+x86_64, r-release-osx-x86_64, r-oldrel-windows-ix86+x86_64, r-oldrel-osx-x86_64