Last updated on 2017-12-20 00:46:41 CET.
Flavor | Version | Tinstall | Tcheck | Ttotal | Status | Flags |
---|---|---|---|---|---|---|
r-devel-linux-x86_64-debian-clang | 1.1 | 4.10 | 69.82 | 73.92 | OK | |
r-devel-linux-x86_64-debian-gcc | 1.1 | OK | ||||
r-devel-linux-x86_64-fedora-clang | 1.1 | 113.98 | OK | |||
r-devel-linux-x86_64-fedora-gcc | 1.1 | 108.05 | OK | |||
r-devel-windows-ix86+x86_64 | 1.1 | 12.00 | 95.00 | 107.00 | OK | |
r-patched-linux-x86_64 | 1.1 | 4.13 | 88.27 | 92.40 | OK | |
r-patched-solaris-x86 | 1.1 | 165.60 | OK | |||
r-release-linux-x86_64 | 1.1 | 4.90 | 85.88 | 90.78 | OK | |
r-release-windows-ix86+x86_64 | 1.1 | 10.00 | 92.00 | 102.00 | OK | |
r-release-osx-x86_64 | 1.1 | WARN | ||||
r-oldrel-windows-ix86+x86_64 | 1.1 | 8.00 | 119.00 | 127.00 | OK | |
r-oldrel-osx-x86_64 | 1.1 | OK |
Version: 1.1
Check: re-building of vignette outputs
Result: WARN
Error in re-building vignettes:
...
Warning: running command 'kpsewhich framed.sty' had status 1
Warning in test_latex_pkg("framed", system.file("misc", "framed.sty", package = "knitr")) :
unable to find LaTeX package 'framed'; will use a copy from knitr
Error in texi2dvi(file = file, pdf = TRUE, clean = clean, quiet = quiet, :
Running 'texi2dvi' on 'BHMSMAfMRIvignette.tex' failed.
LaTeX errors:
! LaTeX Error: File `multirow.sty' not found.
Type X to quit or <RETURN> to proceed,
or enter new name. (Default extension: sty)
! Emergency stop.
<read *>
l.70 \usepackage
{latexsym}^^M
! ==> Fatal error occurred, no output PDF file produced!
Calls: buildVignettes -> texi2pdf -> texi2dvi
Execution halted
Flavor: r-release-osx-x86_64