Last updated on 2017-12-20 00:46:43 CET.
Flavor | Version | Tinstall | Tcheck | Ttotal | Status | Flags |
---|---|---|---|---|---|---|
r-devel-linux-x86_64-debian-clang | 2.0 | 1.41 | 22.40 | 23.81 | NOTE | |
r-devel-linux-x86_64-debian-gcc | 2.0 | NOTE | ||||
r-devel-linux-x86_64-fedora-clang | 2.0 | 34.17 | NOTE | |||
r-devel-linux-x86_64-fedora-gcc | 2.0 | 30.89 | NOTE | |||
r-devel-windows-ix86+x86_64 | 2.0 | 6.00 | 37.00 | 43.00 | NOTE | |
r-patched-linux-x86_64 | 2.0 | 1.63 | 24.55 | 26.18 | NOTE | |
r-patched-solaris-x86 | 2.0 | 44.40 | NOTE | |||
r-release-linux-x86_64 | 2.0 | 1.52 | 24.52 | 26.04 | NOTE | |
r-release-windows-ix86+x86_64 | 2.0 | 4.00 | 38.00 | 42.00 | NOTE | |
r-release-osx-x86_64 | 2.0 | NOTE | ||||
r-oldrel-windows-ix86+x86_64 | 2.0 | 4.00 | 47.00 | 51.00 | NOTE | |
r-oldrel-osx-x86_64 | 2.0 | NOTE |
Version: 2.0
Check: R code for possible problems
Result: NOTE
BSGS.Sample: no visible global function definition for ‘rgamma’
BSGS.Simple: no visible global function definition for ‘rgamma’
CompWiseGibbs: no visible global function definition for ‘runif’
CompWiseGibbs: no visible global function definition for ‘rnorm’
CompWiseGibbsSMP: no visible global function definition for ‘rbinom’
CompWiseGibbsSMP: no visible global function definition for ‘runif’
CompWiseGibbsSMP: no visible global function definition for ‘rnorm’
CompWiseGibbsSimple: no visible global function definition for ‘runif’
CompWiseGibbsSimple: no visible global function definition for ‘rnorm’
CompWiseGibbsSimple: no visible global function definition for ‘rgamma’
GroupMH: no visible global function definition for ‘runif’
GroupZ.MH: no visible global function definition for ‘runif’
Undefined global functions or variables:
rbinom rgamma rnorm runif
Consider adding
importFrom("stats", "rbinom", "rgamma", "rnorm", "runif")
to your NAMESPACE file.
Flavors: r-devel-linux-x86_64-debian-clang, r-devel-linux-x86_64-debian-gcc, r-devel-linux-x86_64-fedora-clang, r-devel-linux-x86_64-fedora-gcc, r-devel-windows-ix86+x86_64, r-patched-linux-x86_64, r-patched-solaris-x86, r-release-linux-x86_64, r-release-windows-ix86+x86_64, r-release-osx-x86_64, r-oldrel-windows-ix86+x86_64, r-oldrel-osx-x86_64