Last updated on 2017-12-20 00:46:43 CET.
Flavor | Version | Tinstall | Tcheck | Ttotal | Status | Flags |
---|---|---|---|---|---|---|
r-devel-linux-x86_64-debian-clang | 1.2.4 | 20.98 | 46.00 | 66.98 | NOTE | |
r-devel-linux-x86_64-debian-gcc | 1.2.4 | NOTE | ||||
r-devel-linux-x86_64-fedora-clang | 1.2.4 | 97.60 | NOTE | |||
r-devel-linux-x86_64-fedora-gcc | 1.2.4 | 89.58 | NOTE | |||
r-devel-windows-ix86+x86_64 | 1.2.4 | 62.00 | 86.00 | 148.00 | OK | |
r-patched-linux-x86_64 | 1.2.4 | 20.99 | 51.27 | 72.26 | NOTE | |
r-patched-solaris-x86 | 1.2.4 | 106.50 | OK | |||
r-release-linux-x86_64 | 1.2.4 | 21.41 | 51.84 | 73.25 | NOTE | |
r-release-windows-ix86+x86_64 | 1.2.4 | 45.00 | 86.00 | 131.00 | OK | |
r-release-osx-x86_64 | 1.2.4 | OK | ||||
r-oldrel-windows-ix86+x86_64 | 1.2.4 | 61.00 | 100.00 | 161.00 | OK | |
r-oldrel-osx-x86_64 | 1.2.4 | OK |
Version: 1.2.4
Check: compiled code
Result: NOTE
File ‘BTR/libs/BTR.so’:
Found no calls to: ‘R_registerRoutines’, ‘R_useDynamicSymbols’
It is good practice to register native routines and to disable symbol
search.
See ‘Writing portable packages’ in the ‘Writing R Extensions’ manual.
Flavors: r-devel-linux-x86_64-debian-clang, r-devel-linux-x86_64-debian-gcc, r-devel-linux-x86_64-fedora-clang, r-devel-linux-x86_64-fedora-gcc, r-patched-linux-x86_64, r-release-linux-x86_64