CRAN Package Check Results for Package BayesianAnimalTracker

Last updated on 2017-12-20 00:46:41 CET.

Flavor Version Tinstall Tcheck Ttotal Status Flags
r-devel-linux-x86_64-debian-clang 1.2 2.34 32.84 35.18 NOTE
r-devel-linux-x86_64-debian-gcc 1.2 NOTE
r-devel-linux-x86_64-fedora-clang 1.2 50.08 NOTE
r-devel-linux-x86_64-fedora-gcc 1.2 45.88 NOTE
r-devel-windows-ix86+x86_64 1.2 7.00 50.00 57.00 NOTE
r-patched-linux-x86_64 1.2 1.88 37.87 39.75 NOTE
r-patched-solaris-x86 1.2 62.20 NOTE
r-release-linux-x86_64 1.2 2.53 37.76 40.29 NOTE
r-release-windows-ix86+x86_64 1.2 5.00 47.00 52.00 NOTE
r-release-osx-x86_64 1.2 NOTE
r-oldrel-windows-ix86+x86_64 1.2 7.00 64.00 71.00 NOTE
r-oldrel-osx-x86_64 1.2 NOTE

Check Details

Version: 1.2
Check: R code for possible problems
Result: NOTE
    BMAnimalTrack: no visible global function definition for ‘nlm’
    BMAnimalTrack: no visible global function definition for ‘qnorm’
    dataSim: no visible global function definition for ‘rnorm’
    rBBridge: no visible global function definition for ‘rnorm’
    rBMotion: no visible global function definition for ‘rnorm’
    Undefined global functions or variables:
     nlm qnorm rnorm
    Consider adding
     importFrom("stats", "nlm", "qnorm", "rnorm")
    to your NAMESPACE file.
Flavors: r-devel-linux-x86_64-debian-clang, r-devel-linux-x86_64-debian-gcc, r-devel-linux-x86_64-fedora-clang, r-devel-linux-x86_64-fedora-gcc, r-devel-windows-ix86+x86_64, r-patched-linux-x86_64, r-patched-solaris-x86, r-release-linux-x86_64, r-release-windows-ix86+x86_64, r-release-osx-x86_64, r-oldrel-windows-ix86+x86_64, r-oldrel-osx-x86_64