Last updated on 2017-12-20 00:46:43 CET.
Flavor | Version | Tinstall | Tcheck | Ttotal | Status | Flags |
---|---|---|---|---|---|---|
r-devel-linux-x86_64-debian-clang | 0.9.0 | 25.31 | 41.15 | 66.46 | OK | |
r-devel-linux-x86_64-debian-gcc | 0.9.0 | OK | ||||
r-devel-linux-x86_64-fedora-clang | 0.9.0 | 98.62 | NOTE | |||
r-devel-linux-x86_64-fedora-gcc | 0.9.0 | 98.41 | NOTE | |||
r-devel-windows-ix86+x86_64 | 0.9.0 | 110.00 | 113.00 | 223.00 | NOTE | |
r-patched-linux-x86_64 | 0.9.0 | 28.72 | 47.36 | 76.08 | OK | |
r-release-linux-x86_64 | 0.9.0 | 28.48 | 47.77 | 76.25 | OK | |
r-release-windows-ix86+x86_64 | 0.9.0 | 78.00 | 141.00 | 219.00 | NOTE | |
r-release-osx-x86_64 | 0.9.0 | NOTE | ||||
r-oldrel-windows-ix86+x86_64 | 0.9.0 | 75.00 | 136.00 | 211.00 | NOTE | |
r-oldrel-osx-x86_64 | 0.9.0 | NOTE |
Version: 0.9.0
Check: installed package size
Result: NOTE
installed size is 47.0Mb
sub-directories of 1Mb or more:
libs 46.6Mb
Flavors: r-devel-linux-x86_64-fedora-clang, r-devel-linux-x86_64-fedora-gcc, r-devel-windows-ix86+x86_64, r-release-windows-ix86+x86_64, r-release-osx-x86_64, r-oldrel-windows-ix86+x86_64, r-oldrel-osx-x86_64