Last updated on 2017-12-20 00:46:44 CET.
Flavor | Version | Tinstall | Tcheck | Ttotal | Status | Flags |
---|---|---|---|---|---|---|
r-devel-linux-x86_64-debian-clang | 1.0.9 | 59.27 | 182.61 | 241.88 | OK | |
r-devel-linux-x86_64-debian-gcc | 1.0.9 | OK | ||||
r-devel-linux-x86_64-fedora-clang | 1.0.9 | 340.99 | NOTE | |||
r-devel-linux-x86_64-fedora-gcc | 1.0.9 | 319.15 | NOTE | |||
r-devel-windows-ix86+x86_64 | 1.0.9 | 150.00 | 244.00 | 394.00 | OK | |
r-patched-linux-x86_64 | 1.0.9 | 59.76 | 207.95 | 267.71 | OK | |
r-patched-solaris-x86 | 1.0.9 | 490.90 | WARN | |||
r-release-linux-x86_64 | 1.0.9 | 58.75 | 207.92 | 266.67 | OK | |
r-release-windows-ix86+x86_64 | 1.0.9 | 117.00 | 247.00 | 364.00 | ERROR | |
r-release-osx-x86_64 | 1.0.9 | NOTE | ||||
r-oldrel-windows-ix86+x86_64 | 1.0.9 | 152.00 | 309.00 | 461.00 | OK | |
r-oldrel-osx-x86_64 | 1.0.9 | NOTE |
Version: 1.0.9
Check: installed package size
Result: NOTE
installed size is 6.4Mb
sub-directories of 1Mb or more:
libs 5.4Mb
Flavors: r-devel-linux-x86_64-fedora-clang, r-devel-linux-x86_64-fedora-gcc, r-release-osx-x86_64, r-oldrel-osx-x86_64
Version: 1.0.9
Check: re-building of vignette outputs
Result: WARN
Error in re-building vignettes:
...
Warning in engine$weave(file, quiet = quiet, encoding = enc) :
Pandoc (>= 1.12.3) and/or pandoc-citeproc not available. Falling back to R Markdown v1.
error: arma::memory::acquire(): out of memory
Quitting from lines 404-417 (the_clusterR_package.Rmd)
Error: processing vignette 'the_clusterR_package.Rmd' failed with diagnostics:
std::bad_alloc
Execution halted
Flavor: r-patched-solaris-x86
Version: 1.0.9
Check: running tests for arch ‘x64’
Result: ERROR
Running 'testthat.R' [7s]
Running the tests in 'tests/testthat.R' failed.
Complete output:
> library(testthat)
> library(ClusterR)
Loading required package: gtools
>
> test_check("ClusterR")
Flavor: r-release-windows-ix86+x86_64