Last updated on 2017-12-20 00:46:44 CET.
Flavor | Version | Tinstall | Tcheck | Ttotal | Status | Flags |
---|---|---|---|---|---|---|
r-devel-linux-x86_64-debian-clang | 1.0.1 | 3.91 | 105.66 | 109.57 | OK | |
r-devel-linux-x86_64-debian-gcc | 1.0.1 | OK | ||||
r-devel-linux-x86_64-fedora-clang | 1.0.1 | 147.79 | OK | |||
r-devel-linux-x86_64-fedora-gcc | 1.0.1 | 146.17 | OK | |||
r-devel-windows-ix86+x86_64 | 1.0.1 | 13.00 | 112.00 | 125.00 | OK | |
r-patched-linux-x86_64 | 1.0.1 | 3.91 | 123.11 | 127.02 | OK | |
r-patched-solaris-x86 | 1.0.1 | 187.80 | OK | |||
r-release-linux-x86_64 | 1.0.1 | 4.11 | 124.13 | 128.24 | OK | |
r-release-windows-ix86+x86_64 | 1.0.1 | 8.00 | 117.00 | 125.00 | OK | |
r-release-osx-x86_64 | 1.0.1 | NOTE | ||||
r-oldrel-windows-ix86+x86_64 | 1.0.1 | 14.00 | 163.00 | 177.00 | OK | |
r-oldrel-osx-x86_64 | 1.0.1 | OK |
Version: 1.0.1
Check: re-building of vignette outputs
Result: NOTE
Error in re-building vignettes:
...
Loading required package: seriation
Error in texi2dvi(file = file, pdf = TRUE, clean = clean, quiet = quiet, :
Running 'texi2dvi' on 'vignetteClustered.tex' failed.
LaTeX errors:
! LaTeX Error: File `biblatex.sty' not found.
Type X to quit or <RETURN> to proceed,
or enter new name. (Default extension: sty)
! Emergency stop.
<read *>
l.6 \bibliography
{ClusteredMutationsVignettes.bib}^^M
! ==> Fatal error occurred, no output PDF file produced!
Calls: buildVignettes -> texi2pdf -> texi2dvi
Execution halted
Flavor: r-release-osx-x86_64