Last updated on 2017-12-20 00:46:45 CET.
Flavor | Version | Tinstall | Tcheck | Ttotal | Status | Flags |
---|---|---|---|---|---|---|
r-devel-linux-x86_64-debian-clang | 3.4.1 | 92.82 | 93.88 | 186.70 | OK | |
r-devel-linux-x86_64-debian-gcc | 3.4.1 | OK | ||||
r-devel-linux-x86_64-fedora-clang | 3.4.1 | 278.49 | NOTE | |||
r-devel-linux-x86_64-fedora-gcc | 3.4.1 | 275.89 | NOTE | |||
r-devel-windows-ix86+x86_64 | 3.4.1 | 270.00 | 173.00 | 443.00 | NOTE | |
r-patched-linux-x86_64 | 3.4.1 | 99.94 | 115.87 | 215.81 | OK | |
r-patched-solaris-x86 | 3.4.1 | 324.00 | OK | |||
r-release-linux-x86_64 | 3.4.1 | 98.60 | 116.93 | 215.53 | OK | |
r-release-windows-ix86+x86_64 | 3.4.1 | 218.00 | 178.00 | 396.00 | NOTE | |
r-release-osx-x86_64 | 3.4.1 | NOTE | ||||
r-oldrel-windows-ix86+x86_64 | 3.4.1 | 278.00 | 241.00 | 519.00 | NOTE | |
r-oldrel-osx-x86_64 | 3.4.1 | ERROR |
Version: 3.4.1
Check: installed package size
Result: NOTE
installed size is 7.6Mb
sub-directories of 1Mb or more:
doc 1.9Mb
libs 4.8Mb
Flavors: r-devel-linux-x86_64-fedora-clang, r-devel-linux-x86_64-fedora-gcc, r-devel-windows-ix86+x86_64, r-release-windows-ix86+x86_64, r-release-osx-x86_64, r-oldrel-windows-ix86+x86_64
Version: 3.4.1
Check: package dependencies
Result: ERROR
Package required but not available: ‘standardize’
See section ‘The DESCRIPTION file’ in the ‘Writing R Extensions’
manual.
Flavor: r-oldrel-osx-x86_64