CRAN Package Check Results for Package DDHFm

Last updated on 2017-12-20 00:46:47 CET.

Flavor Version Tinstall Tcheck Ttotal Status Flags
r-devel-linux-x86_64-debian-clang 1.1.2 1.68 40.72 42.40 NOTE
r-devel-linux-x86_64-debian-gcc 1.1.2 NOTE
r-devel-linux-x86_64-fedora-clang 1.1.2 58.60 NOTE
r-devel-linux-x86_64-fedora-gcc 1.1.2 57.46 NOTE
r-devel-windows-ix86+x86_64 1.1.2 12.00 55.00 67.00 OK
r-patched-linux-x86_64 1.1.2 1.70 41.10 42.80 NOTE
r-patched-solaris-x86 1.1.2 50.50 OK
r-release-linux-x86_64 1.1.2 1.50 41.42 42.92 NOTE
r-release-windows-ix86+x86_64 1.1.2 7.00 82.00 89.00 OK
r-release-osx-x86_64 1.1.2 OK
r-oldrel-windows-ix86+x86_64 1.1.2 8.00 67.00 75.00 OK
r-oldrel-osx-x86_64 1.1.2 OK

Check Details

Version: 1.1.2
Check: compiled code
Result: NOTE
    File ‘DDHFm/libs/DDHFm.so’:
     Found no calls to: ‘R_registerRoutines’, ‘R_useDynamicSymbols’
    
    It is good practice to register native routines and to disable symbol
    search.
    
    See ‘Writing portable packages’ in the ‘Writing R Extensions’ manual.
Flavors: r-devel-linux-x86_64-debian-clang, r-devel-linux-x86_64-debian-gcc, r-devel-linux-x86_64-fedora-clang, r-devel-linux-x86_64-fedora-gcc, r-patched-linux-x86_64, r-release-linux-x86_64