CRAN Package Check Results for Package DNMF

Last updated on 2017-12-20 00:46:48 CET.

Flavor Version Tinstall Tcheck Ttotal Status Flags
r-devel-linux-x86_64-debian-clang 1.3 3.17 39.22 42.39 NOTE
r-devel-linux-x86_64-debian-gcc 1.3 NOTE
r-devel-linux-x86_64-fedora-clang 1.3 63.20 NOTE
r-devel-linux-x86_64-fedora-gcc 1.3 62.55 NOTE
r-devel-windows-ix86+x86_64 1.3 9.00 59.00 68.00 NOTE
r-patched-linux-x86_64 1.3 2.84 47.40 50.24 NOTE
r-patched-solaris-x86 1.3 111.30 NOTE
r-release-linux-x86_64 1.3 3.09 46.34 49.43 NOTE
r-release-windows-ix86+x86_64 1.3 5.00 66.00 71.00 NOTE
r-release-osx-x86_64 1.3 NOTE
r-oldrel-windows-ix86+x86_64 1.3 6.00 77.00 83.00 NOTE
r-oldrel-osx-x86_64 1.3 NOTE

Check Details

Version: 1.3
Check: R code for possible problems
Result: NOTE
    DNMF: no visible global function definition for ‘runif’
    NMFpval: no visible global function definition for ‘p.adjust’
    ndNMF: no visible global function definition for ‘runif’
    rnk: no visible global function definition for ‘write.table’
    Undefined global functions or variables:
     p.adjust runif write.table
    Consider adding
     importFrom("stats", "p.adjust", "runif")
     importFrom("utils", "write.table")
    to your NAMESPACE file.
Flavors: r-devel-linux-x86_64-debian-clang, r-devel-linux-x86_64-debian-gcc, r-devel-linux-x86_64-fedora-clang, r-devel-linux-x86_64-fedora-gcc, r-devel-windows-ix86+x86_64, r-patched-linux-x86_64, r-patched-solaris-x86, r-release-linux-x86_64, r-release-windows-ix86+x86_64, r-release-osx-x86_64, r-oldrel-windows-ix86+x86_64, r-oldrel-osx-x86_64