Last updated on 2017-12-20 00:46:48 CET.
Flavor | Version | Tinstall | Tcheck | Ttotal | Status | Flags |
---|---|---|---|---|---|---|
r-devel-linux-x86_64-debian-clang | 1.0-0 | 18.19 | 58.36 | 76.55 | OK | |
r-devel-linux-x86_64-debian-gcc | 1.0-0 | OK | ||||
r-devel-linux-x86_64-fedora-clang | 1.0-0 | 114.34 | NOTE | |||
r-devel-linux-x86_64-fedora-gcc | 1.0-0 | 112.11 | NOTE | |||
r-devel-windows-ix86+x86_64 | 1.0-0 | 49.00 | 120.00 | 169.00 | OK | |
r-patched-linux-x86_64 | 1.0-0 | 19.31 | 70.85 | 90.16 | OK | |
r-patched-solaris-x86 | 1.0-0 | 160.90 | NOTE | |||
r-release-linux-x86_64 | 1.0-0 | 21.18 | 70.04 | 91.22 | OK | |
r-release-windows-ix86+x86_64 | 1.0-0 | 47.00 | 128.00 | 175.00 | OK | |
r-release-osx-x86_64 | 1.0-0 | NOTE | ||||
r-oldrel-windows-ix86+x86_64 | 1.0-0 | 67.00 | 153.00 | 220.00 | OK | |
r-oldrel-osx-x86_64 | 1.0-0 | NOTE |
Version: 1.0-0
Check: DESCRIPTION meta-information
Result: NOTE
Dependence on R version ‘3.3.2’ not with patchlevel 0
Flavors: r-devel-linux-x86_64-fedora-clang, r-devel-linux-x86_64-fedora-gcc
Version: 1.0-0
Check: dependencies in R code
Result: NOTE
Namespace in Imports field not imported from: ‘gplots’
All declared Imports should be used.
Flavors: r-devel-linux-x86_64-fedora-clang, r-devel-linux-x86_64-fedora-gcc, r-patched-solaris-x86, r-release-osx-x86_64, r-oldrel-osx-x86_64