CRAN Package Check Results for Package DoE.MIParray

Last updated on 2017-12-20 00:46:48 CET.

Flavor Version Tinstall Tcheck Ttotal Status Flags
r-devel-linux-x86_64-debian-clang 0.10 1.40 30.04 31.44 NOTE
r-devel-linux-x86_64-debian-gcc 0.10 NOTE
r-devel-linux-x86_64-fedora-clang 0.10 37.80 NOTE
r-devel-linux-x86_64-fedora-gcc 0.10 38.04 NOTE
r-devel-windows-ix86+x86_64 0.10 5.00 46.00 51.00 NOTE
r-patched-linux-x86_64 0.10 1.25 34.39 35.64 NOTE
r-patched-solaris-x86 0.10 54.20 NOTE
r-release-linux-x86_64 0.10 1.47 33.83 35.30 NOTE
r-release-windows-ix86+x86_64 0.10 3.00 58.00 61.00 NOTE
r-release-osx-x86_64 0.10 NOTE
r-oldrel-windows-ix86+x86_64 0.10 4.00 53.00 57.00 NOTE
r-oldrel-osx-x86_64 0.10 NOTE

Check Details

Version: 0.10
Check: package dependencies
Result: NOTE
    Packages which this enhances but not available for checking:
     ‘gurobi’ ‘Rmosek’
Flavors: r-devel-linux-x86_64-debian-clang, r-devel-linux-x86_64-debian-gcc, r-devel-windows-ix86+x86_64, r-patched-linux-x86_64, r-patched-solaris-x86, r-release-linux-x86_64, r-release-windows-ix86+x86_64, r-release-osx-x86_64, r-oldrel-windows-ix86+x86_64, r-oldrel-osx-x86_64

Version: 0.10
Check: package dependencies
Result: NOTE
    Package which this enhances but not available for checking: ‘gurobi’
Flavors: r-devel-linux-x86_64-fedora-clang, r-devel-linux-x86_64-fedora-gcc