Last updated on 2017-12-20 00:46:49 CET.
Flavor | Version | Tinstall | Tcheck | Ttotal | Status | Flags |
---|---|---|---|---|---|---|
r-devel-linux-x86_64-debian-clang | 2.0.0 | 20.11 | 77.36 | 97.47 | NOTE | |
r-devel-linux-x86_64-debian-gcc | 2.0.0 | NOTE | ||||
r-devel-linux-x86_64-fedora-clang | 2.0.0 | 129.36 | NOTE | |||
r-devel-linux-x86_64-fedora-gcc | 2.0.0 | 126.47 | NOTE | |||
r-devel-windows-ix86+x86_64 | 2.0.0 | 71.00 | 252.00 | 323.00 | OK | |
r-patched-linux-x86_64 | 2.0.0 | 21.53 | 85.23 | 106.76 | NOTE | |
r-patched-solaris-x86 | 2.0.0 | 135.90 | OK | |||
r-release-linux-x86_64 | 2.0.0 | 21.67 | 84.12 | 105.79 | NOTE | |
r-release-windows-ix86+x86_64 | 2.0.0 | 47.00 | 250.00 | 297.00 | OK | |
r-release-osx-x86_64 | 2.0.0 | WARN | ||||
r-oldrel-windows-ix86+x86_64 | 2.0.0 | 47.00 | 331.00 | 378.00 | OK | |
r-oldrel-osx-x86_64 | 2.0.0 | OK |
Version: 2.0.0
Check: compiled code
Result: NOTE
File ‘EMbC/libs/EMbC.so’:
Found no calls to: ‘R_registerRoutines’, ‘R_useDynamicSymbols’
It is good practice to register native routines and to disable symbol
search.
See ‘Writing portable packages’ in the ‘Writing R Extensions’ manual.
Flavors: r-devel-linux-x86_64-debian-clang, r-devel-linux-x86_64-debian-gcc, r-devel-linux-x86_64-fedora-clang, r-devel-linux-x86_64-fedora-gcc, r-patched-linux-x86_64, r-release-linux-x86_64
Version: 2.0.0
Check: package dependencies
Result: NOTE
Package suggested but not available for checking: ‘move’
Flavor: r-release-osx-x86_64
Version: 2.0.0
Check: re-building of vignette outputs
Result: WARN
Error in re-building vignettes:
...
Warning in engine$weave(file, quiet = quiet, encoding = enc) :
Pandoc (>= 1.12.3) and/or pandoc-citeproc not available. Falling back to R Markdown v1.
Quitting from lines 328-331 (EMbC_qckref.Rmd)
Error: processing vignette 'EMbC_qckref.Rmd' failed with diagnostics:
there is no package called 'move'
Execution halted
Flavor: r-release-osx-x86_64