CRAN Package Check Results for Package ETLUtils

Last updated on 2017-12-20 00:46:50 CET.

Flavor Version Tinstall Tcheck Ttotal Status Flags
r-devel-linux-x86_64-debian-clang 1.3 0.88 20.65 21.53 OK
r-devel-linux-x86_64-debian-gcc 1.3 ERROR
r-devel-linux-x86_64-fedora-clang 1.3 27.58 OK
r-devel-linux-x86_64-fedora-gcc 1.3 27.01 OK
r-devel-windows-ix86+x86_64 1.3 6.00 32.00 38.00 OK
r-patched-linux-x86_64 1.3 1.03 22.32 23.35 OK
r-patched-solaris-x86 1.3 37.60 OK
r-release-linux-x86_64 1.3 0.90 22.09 22.99 OK
r-release-windows-ix86+x86_64 1.3 3.00 33.00 36.00 OK
r-release-osx-x86_64 1.3 NOTE
r-oldrel-windows-ix86+x86_64 1.3 3.00 45.00 48.00 OK
r-oldrel-osx-x86_64 1.3 NOTE

Check Details

Version: 1.3
Check: examples
Result: ERROR
    Running examples in ‘ETLUtils-Ex.R’ failed
    The error most likely occurred in:
    
    > base::assign(".ptime", proc.time(), pos = "CheckExEnv")
    > ### Name: write.dbi.ffdf
    > ### Title: Write ffdf data to a database table by using a DBI connection.
    > ### Aliases: write.dbi.ffdf
    >
    > ### ** Examples
    >
    > require(ff)
    >
    > ##
    > ## Example query using data in sqlite
    > ##
    > require(RSQLite)
    Loading required package: RSQLite
    > dbfile <- system.file("smalldb.sqlite3", package="ETLUtils")
    > drv <- dbDriver("SQLite")
    > query <- "select * from testdata limit 10000"
    > x <- read.dbi.ffdf(query = query, dbConnect.args = list(drv = drv, dbname = dbfile),
    + first.rows = 100, next.rows = 1000, VERBOSE=TRUE)
    read.dbi.ffdf 1..100 (100) dbi-read=0.001sec ffdf-write=0.007sec
    read.dbi.ffdf 101..1100 (1000) dbi-read=0.002sec ffdf-write=0.004sec
    read.dbi.ffdf 1101..2100 (1000) dbi-read=0.002sec ffdf-write=0.004sec
    read.dbi.ffdf 2101..2860 (760) dbi-read=0.002sec ffdf-write=0.004sec
     dbi-read=0.007sec ffdf-write=0.019sec TOTAL=0.026sec
    >
    > write.dbi.ffdf(x = x, name = "helloworld", row.names = FALSE, overwrite = TRUE,
    + dbConnect.args = list(drv = drv, dbname = dbfile),
    + by = 1000, VERBOSE=TRUE)
    2017-12-19 11:44:53 dbWriteTable chunk 1/3
    Error in rsqlite_send_query(conn@ptr, statement) :
     attempt to write a readonly database
    Calls: write.dbi.ffdf ... initialize -> initialize -> rsqlite_send_query -> .Call
    Execution halted
Flavor: r-devel-linux-x86_64-debian-gcc

Version: 1.3
Check: package dependencies
Result: NOTE
    Package suggested but not available for checking: ‘RODBC’
Flavors: r-release-osx-x86_64, r-oldrel-osx-x86_64

Version: 1.3
Check: Rd cross-references
Result: NOTE
    Package unavailable to check Rd xrefs: ‘RODBC’
Flavors: r-release-osx-x86_64, r-oldrel-osx-x86_64