CRAN Package Check Results for Package ExceedanceTools

Last updated on 2017-12-20 00:46:50 CET.

Flavor Version Tinstall Tcheck Ttotal Status Flags
r-devel-linux-x86_64-debian-clang 1.2.2 1.81 33.04 34.85 NOTE
r-devel-linux-x86_64-debian-gcc 1.2.2 NOTE
r-devel-linux-x86_64-fedora-clang 1.2.2 43.38 NOTE
r-devel-linux-x86_64-fedora-gcc 1.2.2 42.89 NOTE
r-devel-windows-ix86+x86_64 1.2.2 5.00 44.00 49.00 NOTE
r-patched-linux-x86_64 1.2.2 1.58 36.12 37.70 NOTE
r-patched-solaris-x86 1.2.2 66.50 NOTE
r-release-linux-x86_64 1.2.2 1.94 36.15 38.09 NOTE
r-release-windows-ix86+x86_64 1.2.2 5.00 65.00 70.00 NOTE
r-release-osx-x86_64 1.2.2 NOTE
r-oldrel-windows-ix86+x86_64 1.2.2 7.00 60.00 67.00 NOTE
r-oldrel-osx-x86_64 1.2.2 NOTE

Check Details

Version: 1.2.2
Check: R code for possible problems
Result: NOTE
    plot.pgrid: no visible global function definition for ‘image’
    statistic.cv: no visible global function definition for ‘quantile’
    statistic.sim: no visible global function definition for ‘contourLines’
    Undefined global functions or variables:
     contourLines image quantile
    Consider adding
     importFrom("grDevices", "contourLines")
     importFrom("graphics", "image")
     importFrom("stats", "quantile")
    to your NAMESPACE file.
Flavors: r-devel-linux-x86_64-debian-clang, r-devel-linux-x86_64-debian-gcc, r-devel-linux-x86_64-fedora-clang, r-devel-linux-x86_64-fedora-gcc, r-devel-windows-ix86+x86_64, r-patched-linux-x86_64, r-patched-solaris-x86, r-release-linux-x86_64, r-release-windows-ix86+x86_64, r-release-osx-x86_64, r-oldrel-windows-ix86+x86_64, r-oldrel-osx-x86_64