Last updated on 2017-12-20 00:46:53 CET.
Flavor | Version | Tinstall | Tcheck | Ttotal | Status | Flags |
---|---|---|---|---|---|---|
r-devel-linux-x86_64-debian-clang | 1.2.2 | 9.94 | 45.59 | 55.53 | NOTE | |
r-devel-linux-x86_64-debian-gcc | 1.2.2 | NOTE | ||||
r-devel-linux-x86_64-fedora-clang | 1.2.2 | 75.46 | NOTE | |||
r-devel-linux-x86_64-fedora-gcc | 1.2.2 | 76.13 | NOTE | |||
r-devel-windows-ix86+x86_64 | 1.2.2 | 28.00 | 93.00 | 121.00 | OK | |
r-patched-linux-x86_64 | 1.2.2 | 10.33 | 55.41 | 65.74 | NOTE | |
r-patched-solaris-x86 | 1.2.2 | 100.70 | OK | |||
r-release-linux-x86_64 | 1.2.2 | 10.72 | 54.88 | 65.60 | NOTE | |
r-release-windows-ix86+x86_64 | 1.2.2 | 24.00 | 93.00 | 117.00 | OK | |
r-release-osx-x86_64 | 1.2.2 | OK | ||||
r-oldrel-windows-ix86+x86_64 | 1.2.2 | 21.00 | 117.00 | 138.00 | OK | |
r-oldrel-osx-x86_64 | 1.2.2 | OK |
Version: 1.2.2
Check: compiled code
Result: NOTE
File ‘GCPM/libs/GCPM.so’:
Found no calls to: ‘R_registerRoutines’, ‘R_useDynamicSymbols’
It is good practice to register native routines and to disable symbol
search.
See ‘Writing portable packages’ in the ‘Writing R Extensions’ manual.
Flavors: r-devel-linux-x86_64-debian-clang, r-devel-linux-x86_64-debian-gcc, r-devel-linux-x86_64-fedora-clang, r-devel-linux-x86_64-fedora-gcc, r-patched-linux-x86_64, r-release-linux-x86_64