CRAN Package Check Results for Package GUIgems

Last updated on 2017-12-20 00:46:55 CET.

Flavor Version Tinstall Tcheck Ttotal Status Flags
r-devel-linux-x86_64-debian-clang 0.1 4.80 56.47 61.27 OK
r-devel-linux-x86_64-debian-gcc 0.1 OK
r-devel-linux-x86_64-fedora-clang 0.1 89.80 NOTE
r-devel-linux-x86_64-fedora-gcc 0.1 84.31 NOTE
r-devel-windows-ix86+x86_64 0.1 14.00 76.00 90.00 OK
r-patched-linux-x86_64 0.1 4.47 70.11 74.58 OK
r-patched-solaris-x86 0.1 132.80 NOTE
r-release-linux-x86_64 0.1 4.60 68.46 73.06 OK
r-release-windows-ix86+x86_64 0.1 8.00 72.00 80.00 OK
r-release-osx-x86_64 0.1 NOTE
r-oldrel-windows-ix86+x86_64 0.1 13.00 93.00 106.00 OK
r-oldrel-osx-x86_64 0.1 NOTE

Check Details

Version: 0.1
Check: dependencies in R code
Result: NOTE
    Namespace in Imports field not imported from: ‘stringr’
     All declared Imports should be used.
Flavors: r-devel-linux-x86_64-fedora-clang, r-devel-linux-x86_64-fedora-gcc, r-patched-solaris-x86, r-release-osx-x86_64, r-oldrel-osx-x86_64