CRAN Package Check Results for Package Greg

Last updated on 2017-12-20 00:46:54 CET.

Flavor Version Tinstall Tcheck Ttotal Status Flags
r-devel-linux-x86_64-debian-clang 1.2 7.01 170.59 177.60 NOTE
r-devel-linux-x86_64-debian-gcc 1.2 NOTE
r-devel-linux-x86_64-fedora-clang 1.2 232.48 NOTE
r-devel-linux-x86_64-fedora-gcc 1.2 234.75 NOTE
r-devel-windows-ix86+x86_64 1.2 20.00 195.00 215.00 NOTE
r-patched-linux-x86_64 1.2 8.21 198.30 206.51 NOTE
r-patched-solaris-x86 1.2 335.90 NOTE
r-release-linux-x86_64 1.2 7.69 203.26 210.95 NOTE
r-release-windows-ix86+x86_64 1.2 18.00 205.00 223.00 NOTE
r-release-osx-x86_64 1.2 OK
r-oldrel-windows-ix86+x86_64 1.2 39.00 225.00 264.00 OK
r-oldrel-osx-x86_64 1.2 OK

Check Details

Version: 1.2
Check: S3 generic/method consistency
Result: NOTE
    Found the following apparent S3 methods exported but not registered:
     cbind.printCrudeAndAdjusted rbind.printCrudeAndAdjusted
    See section ‘Registering S3 methods’ in the ‘Writing R Extensions’
    manual.
Flavors: r-devel-linux-x86_64-debian-clang, r-devel-linux-x86_64-debian-gcc, r-devel-linux-x86_64-fedora-clang, r-devel-linux-x86_64-fedora-gcc, r-patched-linux-x86_64, r-patched-solaris-x86, r-release-linux-x86_64

Version: 1.2
Check: Rd \usage sections
Result: NOTE
    S3 methods shown with full name in documentation object 'printCrudeAndAdjustedModel':
     ‘rbind.printCrudeAndAdjusted’ ‘cbind.printCrudeAndAdjusted’
    
    The \usage entries for S3 methods should use the \method markup and not
    their full name.
    See chapter ‘Writing R documentation files’ in the ‘Writing R
    Extensions’ manual.
Flavors: r-devel-linux-x86_64-debian-clang, r-devel-linux-x86_64-debian-gcc, r-devel-linux-x86_64-fedora-clang, r-devel-linux-x86_64-fedora-gcc, r-devel-windows-ix86+x86_64, r-patched-linux-x86_64, r-patched-solaris-x86, r-release-linux-x86_64, r-release-windows-ix86+x86_64