CRAN Package Check Results for Package HLMdiag

Last updated on 2017-12-20 00:46:56 CET.

Flavor Version Tinstall Tcheck Ttotal Status Flags
r-devel-linux-x86_64-debian-clang 0.3.1 58.62 75.28 133.90 NOTE
r-devel-linux-x86_64-debian-gcc 0.3.1 NOTE
r-devel-linux-x86_64-fedora-clang 0.3.1 194.33 NOTE
r-devel-linux-x86_64-fedora-gcc 0.3.1 197.56 NOTE
r-devel-windows-ix86+x86_64 0.3.1 137.00 132.00 269.00 OK
r-patched-linux-x86_64 0.3.1 67.95 92.66 160.61 NOTE
r-patched-solaris-x86 0.3.1 235.40 OK
r-release-linux-x86_64 0.3.1 64.96 90.92 155.88 NOTE
r-release-windows-ix86+x86_64 0.3.1 122.00 129.00 251.00 OK
r-release-osx-x86_64 0.3.1 OK
r-oldrel-windows-ix86+x86_64 0.3.1 207.00 169.00 376.00 OK
r-oldrel-osx-x86_64 0.3.1 OK

Check Details

Version: 0.3.1
Check: compiled code
Result: NOTE
    File ‘HLMdiag/libs/HLMdiag.so’:
     Found no calls to: ‘R_registerRoutines’, ‘R_useDynamicSymbols’
    
    It is good practice to register native routines and to disable symbol
    search.
    
    See ‘Writing portable packages’ in the ‘Writing R Extensions’ manual.
Flavors: r-devel-linux-x86_64-debian-clang, r-devel-linux-x86_64-debian-gcc, r-devel-linux-x86_64-fedora-clang, r-devel-linux-x86_64-fedora-gcc, r-patched-linux-x86_64, r-release-linux-x86_64