Last updated on 2017-12-20 00:46:57 CET.
Flavor | Version | Tinstall | Tcheck | Ttotal | Status | Flags |
---|---|---|---|---|---|---|
r-devel-linux-x86_64-debian-clang | 2.0-0 | 2.23 | 35.01 | 37.24 | NOTE | |
r-devel-linux-x86_64-debian-gcc | 2.0-0 | NOTE | ||||
r-devel-linux-x86_64-fedora-clang | 2.0-0 | 51.98 | NOTE | |||
r-devel-linux-x86_64-fedora-gcc | 2.0-0 | 50.10 | NOTE | |||
r-devel-windows-ix86+x86_64 | 2.0-0 | 12.00 | 66.00 | 78.00 | OK | |
r-patched-linux-x86_64 | 2.0-0 | 2.16 | 37.33 | 39.49 | NOTE | |
r-patched-solaris-x86 | 2.0-0 | 62.10 | OK | |||
r-release-linux-x86_64 | 2.0-0 | 2.27 | 37.23 | 39.50 | NOTE | |
r-release-windows-ix86+x86_64 | 2.0-0 | 7.00 | 84.00 | 91.00 | OK | |
r-release-osx-x86_64 | 2.0-0 | WARN | ||||
r-oldrel-windows-ix86+x86_64 | 2.0-0 | 5.00 | 84.00 | 89.00 | OK | |
r-oldrel-osx-x86_64 | 2.0-0 | OK |
Version: 2.0-0
Check: compiled code
Result: NOTE
File ‘JADE/libs/JADE.so’:
Found no calls to: ‘R_registerRoutines’, ‘R_useDynamicSymbols’
It is good practice to register native routines and to disable symbol
search.
See ‘Writing portable packages’ in the ‘Writing R Extensions’ manual.
Flavors: r-devel-linux-x86_64-debian-clang, r-devel-linux-x86_64-debian-gcc, r-devel-linux-x86_64-fedora-clang, r-devel-linux-x86_64-fedora-gcc, r-patched-linux-x86_64, r-release-linux-x86_64
Version: 2.0-0
Check: re-building of vignette outputs
Result: WARN
Error in re-building vignettes:
...
Error in texi2dvi(file = file, pdf = TRUE, clean = clean, quiet = quiet, :
Running 'texi2dvi' on 'JADE-BSSasymp.tex' failed.
LaTeX errors:
! LaTeX Error: File `fullpage.sty' not found.
Type X to quit or <RETURN> to proceed,
or enter new name. (Default extension: sty)
! Emergency stop.
<read *>
l.15 \usepackage
{authblk}^^M
! ==> Fatal error occurred, no output PDF file produced!
Calls: buildVignettes -> texi2pdf -> texi2dvi
Execution halted
Flavor: r-release-osx-x86_64