CRAN Package Check Results for Package KenSyn

Last updated on 2017-12-20 00:46:58 CET.

Flavor Version Tinstall Tcheck Ttotal Status Flags
r-devel-linux-x86_64-debian-clang 0.2 1.06 14.01 15.07 OK
r-devel-linux-x86_64-debian-gcc 0.2 OK
r-devel-linux-x86_64-fedora-clang 0.2 20.25 NOTE
r-devel-linux-x86_64-fedora-gcc 0.2 19.14 NOTE
r-devel-windows-ix86+x86_64 0.2 6.00 25.00 31.00 OK
r-patched-linux-x86_64 0.2 1.12 13.96 15.08 OK
r-patched-solaris-x86 0.2 28.00 NOTE
r-release-linux-x86_64 0.2 1.00 13.94 14.94 OK
r-release-windows-ix86+x86_64 0.2 3.00 23.00 26.00 OK
r-release-osx-x86_64 0.2 NOTE
r-oldrel-windows-ix86+x86_64 0.2 4.00 35.00 39.00 OK
r-oldrel-osx-x86_64 0.2 NOTE

Check Details

Version: 0.2
Check: dependencies in R code
Result: NOTE
    Namespaces in Imports field not imported from:
     ‘lme4’ ‘metafor’ ‘nlme’
     All declared Imports should be used.
Flavors: r-devel-linux-x86_64-fedora-clang, r-devel-linux-x86_64-fedora-gcc, r-patched-solaris-x86, r-release-osx-x86_64, r-oldrel-osx-x86_64