Last updated on 2017-12-20 00:46:58 CET.
Flavor | Version | Tinstall | Tcheck | Ttotal | Status | Flags |
---|---|---|---|---|---|---|
r-devel-linux-x86_64-debian-clang | 1.0 | 2.05 | 64.21 | 66.26 | NOTE | |
r-devel-linux-x86_64-debian-gcc | 1.0 | NOTE | ||||
r-devel-linux-x86_64-fedora-clang | 1.0 | 83.65 | NOTE | |||
r-devel-linux-x86_64-fedora-gcc | 1.0 | 84.49 | NOTE | |||
r-devel-windows-ix86+x86_64 | 1.0 | 8.00 | 79.00 | 87.00 | NOTE | |
r-patched-linux-x86_64 | 1.0 | 1.81 | 70.29 | 72.10 | NOTE | |
r-patched-solaris-x86 | 1.0 | 96.80 | NOTE | |||
r-release-linux-x86_64 | 1.0 | 2.02 | 69.11 | 71.13 | NOTE | |
r-release-windows-ix86+x86_64 | 1.0 | 5.00 | 123.00 | 128.00 | NOTE | |
r-release-osx-x86_64 | 1.0 | NOTE | ||||
r-oldrel-windows-ix86+x86_64 | 1.0 | 5.00 | 77.00 | 82.00 | NOTE | |
r-oldrel-osx-x86_64 | 1.0 | NOTE |
Version: 1.0
Check: DESCRIPTION meta-information
Result: NOTE
Malformed Title field: should not end in a period.
Flavors: r-devel-linux-x86_64-debian-clang, r-devel-linux-x86_64-debian-gcc, r-devel-linux-x86_64-fedora-clang, r-devel-linux-x86_64-fedora-gcc, r-devel-windows-ix86+x86_64, r-patched-linux-x86_64, r-patched-solaris-x86, r-release-linux-x86_64, r-release-windows-ix86+x86_64, r-release-osx-x86_64, r-oldrel-windows-ix86+x86_64, r-oldrel-osx-x86_64
Version: 1.0
Check: top-level files
Result: NOTE
Non-standard file/directory found at top level:
‘LDOD.Rproj’
Flavors: r-devel-linux-x86_64-debian-clang, r-devel-linux-x86_64-debian-gcc, r-devel-linux-x86_64-fedora-clang, r-devel-linux-x86_64-fedora-gcc, r-patched-linux-x86_64, r-release-linux-x86_64
Version: 1.0
Check: R code for possible problems
Result: NOTE
multistart : <anonymous>: no visible global function definition for
‘runif’
plot.FreD.x: no visible global function definition for ‘modifyList’
plot.FreD.x: no visible global function definition for ‘abline’
plot.FreD.x: no visible global function definition for ‘points’
Undefined global functions or variables:
abline modifyList points runif
Consider adding
importFrom("graphics", "abline", "points")
importFrom("stats", "runif")
importFrom("utils", "modifyList")
to your NAMESPACE file.
Flavors: r-devel-linux-x86_64-debian-clang, r-devel-linux-x86_64-debian-gcc, r-devel-linux-x86_64-fedora-clang, r-devel-linux-x86_64-fedora-gcc, r-devel-windows-ix86+x86_64, r-patched-linux-x86_64, r-patched-solaris-x86, r-release-linux-x86_64, r-release-windows-ix86+x86_64, r-release-osx-x86_64, r-oldrel-windows-ix86+x86_64, r-oldrel-osx-x86_64