Last updated on 2017-12-20 00:46:59 CET.
Flavor | Version | Tinstall | Tcheck | Ttotal | Status | Flags |
---|---|---|---|---|---|---|
r-devel-linux-x86_64-debian-clang | 1.0 | 0.60 | 15.45 | 16.05 | NOTE | |
r-devel-linux-x86_64-debian-gcc | 1.0 | NOTE | ||||
r-devel-linux-x86_64-fedora-clang | 1.0 | 20.74 | NOTE | |||
r-devel-linux-x86_64-fedora-gcc | 1.0 | 20.56 | NOTE | |||
r-devel-windows-ix86+x86_64 | 1.0 | 4.00 | 26.00 | 30.00 | NOTE | |
r-patched-linux-x86_64 | 1.0 | 0.65 | 15.37 | 16.02 | NOTE | |
r-patched-solaris-x86 | 1.0 | 28.10 | NOTE | |||
r-release-linux-x86_64 | 1.0 | 0.71 | 15.26 | 15.97 | NOTE | |
r-release-windows-ix86+x86_64 | 1.0 | 2.00 | 40.00 | 42.00 | NOTE | |
r-release-osx-x86_64 | 1.0 | NOTE | ||||
r-oldrel-windows-ix86+x86_64 | 1.0 | 3.00 | 33.00 | 36.00 | NOTE | |
r-oldrel-osx-x86_64 | 1.0 | NOTE |
Version: 1.0
Check: R code for possible problems
Result: NOTE
LogrankA: no visible global function definition for ‘is.Surv’
LogrankA: no visible global function definition for ‘na.omit’
LogrankA: no visible global function definition for ‘pchisq’
Undefined global functions or variables:
is.Surv na.omit pchisq
Consider adding
importFrom("stats", "na.omit", "pchisq")
to your NAMESPACE file.
Flavors: r-devel-linux-x86_64-debian-clang, r-devel-linux-x86_64-debian-gcc, r-devel-linux-x86_64-fedora-clang, r-devel-linux-x86_64-fedora-gcc, r-devel-windows-ix86+x86_64, r-patched-linux-x86_64, r-patched-solaris-x86, r-release-linux-x86_64, r-release-windows-ix86+x86_64, r-release-osx-x86_64, r-oldrel-windows-ix86+x86_64, r-oldrel-osx-x86_64