Last updated on 2017-12-20 00:47:04 CET.
Flavor | Version | Tinstall | Tcheck | Ttotal | Status | Flags |
---|---|---|---|---|---|---|
r-devel-linux-x86_64-debian-clang | 1.40.0 | 10.88 | 103.60 | 114.48 | WARN | |
r-devel-linux-x86_64-debian-gcc | 1.40.0 | WARN | ||||
r-devel-linux-x86_64-fedora-clang | 1.40.0 | 152.27 | WARN | |||
r-devel-linux-x86_64-fedora-gcc | 1.40.0 | 155.41 | WARN | |||
r-devel-windows-ix86+x86_64 | 1.40.0 | 24.00 | 127.00 | 151.00 | OK | |
r-patched-linux-x86_64 | 1.40.0 | 12.74 | 124.44 | 137.18 | OK | |
r-patched-solaris-x86 | 1.40.0 | 245.60 | NOTE | |||
r-release-linux-x86_64 | 1.40.0 | 11.21 | 122.19 | 133.40 | OK | |
r-release-windows-ix86+x86_64 | 1.40.0 | 16.00 | 114.00 | 130.00 | OK | |
r-release-osx-x86_64 | 1.40.0 | OK | ||||
r-oldrel-windows-ix86+x86_64 | 1.40.0 | 13.00 | 160.00 | 173.00 | OK | |
r-oldrel-osx-x86_64 | 1.40.0 | OK |
Version: 1.40.0
Check: use of S3 registration
Result: WARN
Registered S3 methods from standard package(s) overwritten by 'MuMIn':
method from
logLik.coxph survival
logLik.survreg survival
predict.lme nlme
predict.gls nlme
Flavors: r-devel-linux-x86_64-debian-clang, r-devel-linux-x86_64-debian-gcc, r-devel-linux-x86_64-fedora-clang, r-devel-linux-x86_64-fedora-gcc
Version: 1.40.0
Check: Rd cross-references
Result: NOTE
Package unavailable to check Rd xrefs: ‘RMark’
Flavor: r-patched-solaris-x86