Last updated on 2017-12-20 00:47:05 CET.
Flavor | Version | Tinstall | Tcheck | Ttotal | Status | Flags |
---|---|---|---|---|---|---|
r-devel-linux-x86_64-debian-clang | 1.0.4.1 | 0.87 | 24.33 | 25.20 | OK | |
r-devel-linux-x86_64-debian-gcc | 1.0.4.1 | OK | ||||
r-devel-linux-x86_64-fedora-clang | 1.0.4.1 | 34.44 | OK | |||
r-devel-linux-x86_64-fedora-gcc | 1.0.4.1 | 34.98 | OK | |||
r-devel-windows-ix86+x86_64 | 1.0.4.1 | 5.00 | 43.00 | 48.00 | OK | |
r-patched-linux-x86_64 | 1.0.4.1 | 0.99 | 25.44 | 26.43 | OK | |
r-patched-solaris-x86 | 1.0.4.1 | 46.80 | OK | |||
r-release-linux-x86_64 | 1.0.4.1 | 0.90 | 25.30 | 26.20 | OK | |
r-release-windows-ix86+x86_64 | 1.0.4.1 | 3.00 | 46.00 | 49.00 | OK | |
r-release-osx-x86_64 | 1.0.4.1 | WARN | ||||
r-oldrel-windows-ix86+x86_64 | 1.0.4.1 | 4.00 | 55.00 | 59.00 | OK | |
r-oldrel-osx-x86_64 | 1.0.4.1 | OK |
Version: 1.0.4.1
Check: re-building of vignette outputs
Result: WARN
Error in re-building vignettes:
...
Error: processing vignette 'NUCOMBog.ltx' failed with diagnostics:
Running 'texi2dvi' on 'NUCOMBog.ltx' failed.
LaTeX errors:
! LaTeX Error: File `framed.sty' not found.
Type X to quit or <RETURN> to proceed,
or enter new name. (Default extension: sty)
! Emergency stop.
<read *>
l.29 \makeatletter
^^M
! ==> Fatal error occurred, no output PDF file produced!
Execution halted
Flavor: r-release-osx-x86_64