Last updated on 2017-12-20 00:47:07 CET.
Flavor | Version | Tinstall | Tcheck | Ttotal | Status | Flags |
---|---|---|---|---|---|---|
r-devel-linux-x86_64-debian-clang | 1.0 | 0.97 | 29.87 | 30.84 | WARN | |
r-devel-linux-x86_64-debian-gcc | 1.0 | WARN | ||||
r-devel-linux-x86_64-fedora-clang | 1.0 | 38.35 | WARN | |||
r-devel-linux-x86_64-fedora-gcc | 1.0 | 38.05 | WARN | |||
r-devel-windows-ix86+x86_64 | 1.0 | 4.00 | 50.00 | 54.00 | NOTE | |
r-patched-linux-x86_64 | 1.0 | 1.13 | 30.41 | 31.54 | NOTE | |
r-patched-solaris-x86 | 1.0 | 71.00 | NOTE | |||
r-release-linux-x86_64 | 1.0 | 0.97 | 30.90 | 31.87 | NOTE | |
r-release-windows-ix86+x86_64 | 1.0 | 3.00 | 74.00 | 77.00 | NOTE | |
r-release-osx-x86_64 | 1.0 | NOTE | ||||
r-oldrel-windows-ix86+x86_64 | 1.0 | 3.00 | 66.00 | 69.00 | NOTE | |
r-oldrel-osx-x86_64 | 1.0 | NOTE |
Version: 1.0
Check: DESCRIPTION meta-information
Result: NOTE
Malformed Description field: should contain one or more complete sentences.
Flavors: r-devel-linux-x86_64-debian-clang, r-devel-linux-x86_64-debian-gcc, r-devel-linux-x86_64-fedora-clang, r-devel-linux-x86_64-fedora-gcc, r-devel-windows-ix86+x86_64, r-patched-linux-x86_64, r-patched-solaris-x86, r-release-linux-x86_64, r-release-windows-ix86+x86_64, r-release-osx-x86_64, r-oldrel-windows-ix86+x86_64, r-oldrel-osx-x86_64
Version: 1.0
Check: R code for possible problems
Result: NOTE
fbins: no visible global function definition for ‘quantile’
fhat: no visible global function definition for ‘dnorm’
fhatgg: no visible global function definition for ‘dnorm’
fhatnew: no visible global function definition for ‘dnorm’
mica: no visible global function definition for ‘cor’
trans: no visible binding for global variable ‘sd’
weight.seq: no visible global function definition for ‘dnorm’
weight.seq: no visible global function definition for ‘nlm’
Undefined global functions or variables:
cor dnorm nlm quantile sd
Consider adding
importFrom("stats", "cor", "dnorm", "nlm", "quantile", "sd")
to your NAMESPACE file.
Flavors: r-devel-linux-x86_64-debian-clang, r-devel-linux-x86_64-debian-gcc, r-devel-linux-x86_64-fedora-clang, r-devel-linux-x86_64-fedora-gcc, r-devel-windows-ix86+x86_64, r-patched-linux-x86_64, r-patched-solaris-x86, r-release-linux-x86_64, r-release-windows-ix86+x86_64, r-release-osx-x86_64, r-oldrel-windows-ix86+x86_64, r-oldrel-osx-x86_64
Version: 1.0
Check: examples
Result: WARN
Found the following significant warnings:
Warning: working directory was changed to ‘/home/hornik/tmp/R.check/r-devel-clang/Work/PKGS/PGICA.Rcheck/Sim’, resetting
Flavor: r-devel-linux-x86_64-debian-clang
Version: 1.0
Check: examples
Result: WARN
Found the following significant warnings:
Warning: working directory was changed to ‘/home/hornik/tmp/R.check/r-devel-gcc/Work/PKGS/PGICA.Rcheck/Sim’, resetting
Flavor: r-devel-linux-x86_64-debian-gcc
Version: 1.0
Check: examples
Result: WARN
Found the following significant warnings:
Warning: working directory was changed to ‘/data/gannet/ripley/R/packages/tests-clang/PGICA.Rcheck/Sim’, resetting
Flavor: r-devel-linux-x86_64-fedora-clang
Version: 1.0
Check: examples
Result: WARN
Found the following significant warnings:
Warning: working directory was changed to ‘/data/gannet/ripley/R/packages/tests-devel/PGICA.Rcheck/Sim’, resetting
Flavor: r-devel-linux-x86_64-fedora-gcc