Last updated on 2017-12-20 00:47:09 CET.
Flavor | Version | Tinstall | Tcheck | Ttotal | Status | Flags |
---|---|---|---|---|---|---|
r-devel-linux-x86_64-debian-clang | 0.4 | 0.94 | 39.93 | 40.87 | OK | |
r-devel-linux-x86_64-debian-gcc | 0.4 | OK | ||||
r-devel-linux-x86_64-fedora-clang | 0.4 | 51.98 | NOTE | |||
r-devel-linux-x86_64-fedora-gcc | 0.4 | 50.78 | NOTE | |||
r-devel-windows-ix86+x86_64 | 0.4 | 6.00 | 48.00 | 54.00 | OK | |
r-patched-linux-x86_64 | 0.4 | 1.11 | 42.88 | 43.99 | OK | |
r-patched-solaris-x86 | 0.4 | 65.80 | NOTE | |||
r-release-linux-x86_64 | 0.4 | 1.12 | 40.53 | 41.65 | OK | |
r-release-windows-ix86+x86_64 | 0.4 | 3.00 | 50.00 | 53.00 | OK | |
r-release-osx-x86_64 | 0.4 | NOTE | ||||
r-oldrel-windows-ix86+x86_64 | 0.4 | 4.00 | 58.00 | 62.00 | OK | |
r-oldrel-osx-x86_64 | 0.4 | NOTE |
Version: 0.4
Check: dependencies in R code
Result: NOTE
Namespaces in Imports field not imported from:
‘forecast’ ‘knitr’
All declared Imports should be used.
Flavors: r-devel-linux-x86_64-fedora-clang, r-devel-linux-x86_64-fedora-gcc, r-patched-solaris-x86, r-release-osx-x86_64, r-oldrel-osx-x86_64