CRAN Package Check Results for Package PopGenome

Last updated on 2017-12-20 00:47:08 CET.

Flavor Version Tinstall Tcheck Ttotal Status Flags
r-devel-linux-x86_64-debian-clang 2.2.4 17.51 111.95 129.46 OK
r-devel-linux-x86_64-debian-gcc 2.2.4 OK
r-devel-linux-x86_64-fedora-clang 2.2.4 163.75 WARN
r-devel-linux-x86_64-fedora-gcc 2.2.4 153.09 OK
r-devel-windows-ix86+x86_64 2.2.4 188.00 142.00 330.00 OK
r-patched-linux-x86_64 2.2.4 16.98 133.75 150.73 OK
r-patched-solaris-x86 2.2.4 176.30 OK
r-release-linux-x86_64 2.2.4 17.82 126.87 144.69 OK
r-release-windows-ix86+x86_64 2.2.4 118.00 139.00 257.00 OK
r-release-osx-x86_64 2.2.4 OK
r-oldrel-windows-ix86+x86_64 2.2.4 106.00 169.00 275.00 OK
r-oldrel-osx-x86_64 2.2.4 OK

Additional issues

rchk

Check Details

Version: 2.2.4
Check: whether package can be installed
Result: WARN
    Found the following significant warnings:
     whopgenome/rdnapp_MAF.h:243:12: warning: explicitly assigning value of variable of type 'unsigned int' to itself [-Wself-assign]
     whopgenome/rdnapp_MAF.h:409:45: warning: comparison of unsigned expression >= 0 is always true [-Wtautological-compare]
     whopgenome/whopgen_vcf.cpp:263:28: warning: comparison of unsigned expression >= 0 is always true [-Wtautological-compare]
     whopgenome/whoptbi_info.cpp:115:6: warning: 'this' pointer cannot be null in well-defined C++ code; comparison may be assumed to always evaluate to false [-Wtautological-undefined-compare]
     whopgenome/whoptbi_info.cpp:120:7: warning: reference cannot be bound to dereferenced null pointer in well-defined C++ code; comparison may be assumed to always evaluate to false [-Wtautological-undefined-compare]
     whopgenome/whoptbi_info.cpp:152:44: warning: comparison of unsigned expression < 0 is always false [-Wtautological-compare]
     whopgenome/whoptbi_region.cpp:78:6: warning: 'this' pointer cannot be null in well-defined C++ code; comparison may be assumed to always evaluate to false [-Wtautological-undefined-compare]
Flavor: r-devel-linux-x86_64-fedora-clang