CRAN Package Check Results for Package QPot

Last updated on 2017-12-20 00:47:09 CET.

Flavor Version Tinstall Tcheck Ttotal Status Flags
r-devel-linux-x86_64-debian-clang 1.1 2.40 29.47 31.87 NOTE
r-devel-linux-x86_64-debian-gcc 1.1 NOTE
r-devel-linux-x86_64-fedora-clang 1.1 39.43 WARN
r-devel-linux-x86_64-fedora-gcc 1.1 40.31 NOTE
r-devel-windows-ix86+x86_64 1.1 14.00 67.00 81.00 OK
r-patched-linux-x86_64 1.1 1.98 31.71 33.69 NOTE
r-patched-solaris-x86 1.1 68.90 OK
r-release-linux-x86_64 1.1 2.06 31.16 33.22 NOTE
r-release-windows-ix86+x86_64 1.1 9.00 83.00 92.00 OK
r-release-osx-x86_64 1.1 OK
r-oldrel-windows-ix86+x86_64 1.1 10.00 75.00 85.00 OK
r-oldrel-osx-x86_64 1.1 OK

Additional issues

clang-UBSAN

Check Details

Version: 1.1
Check: compiled code
Result: NOTE
    File ‘QPot/libs/QPot.so’:
     Found no calls to: ‘R_registerRoutines’, ‘R_useDynamicSymbols’
    File ‘QPot/libs/upwindorderedv4.so’:
     Found no calls to: ‘R_registerRoutines’, ‘R_useDynamicSymbols’
    
    It is good practice to register native routines and to disable symbol
    search.
    
    See ‘Writing portable packages’ in the ‘Writing R Extensions’ manual.
Flavors: r-devel-linux-x86_64-debian-clang, r-devel-linux-x86_64-debian-gcc, r-devel-linux-x86_64-fedora-clang, r-devel-linux-x86_64-fedora-gcc, r-patched-linux-x86_64, r-release-linux-x86_64

Version: 1.1
Check: whether package can be installed
Result: WARN
    Found the following significant warnings:
     upwindorderedv4.c:542:54: warning: using floating point absolute value function 'fabs' when argument is of integer type [-Wabsolute-value]
     upwindorderedv4.c:542:72: warning: using floating point absolute value function 'fabs' when argument is of integer type [-Wabsolute-value]
Flavor: r-devel-linux-x86_64-fedora-clang