CRAN Package Check Results for Package RCMIP5

Last updated on 2017-12-20 00:47:11 CET.

Flavor Version Tinstall Tcheck Ttotal Status Flags
r-devel-linux-x86_64-debian-clang 1.2.0 4.07 161.82 165.89 OK
r-devel-linux-x86_64-debian-gcc 1.2.0 OK
r-devel-linux-x86_64-fedora-clang 1.2.0 232.02 OK
r-devel-linux-x86_64-fedora-gcc 1.2.0 230.37 OK
r-devel-windows-ix86+x86_64 1.2.0 11.00 176.00 187.00 OK
r-patched-linux-x86_64 1.2.0 4.61 191.53 196.14 OK
r-patched-solaris-x86 1.2.0 261.30 OK
r-release-linux-x86_64 1.2.0 3.97 186.79 190.76 OK
r-release-windows-ix86+x86_64 1.2.0 9.00 179.00 188.00 OK
r-release-osx-x86_64 1.2.0 ERROR
r-oldrel-windows-ix86+x86_64 1.2.0 8.00 211.00 219.00 OK
r-oldrel-osx-x86_64 1.2.0 OK

Check Details

Version: 1.2.0
Check: package dependencies
Result: NOTE
    Package suggested but not available for checking: ‘ncdf4’
Flavor: r-release-osx-x86_64

Version: 1.2.0
Check: tests
Result: ERROR
     Running ‘testthat.R’ [56s/89s]
    Running the tests in ‘tests/testthat.R’ failed.
    Last 13 lines of output:
     7: asNamespace(ns)
     8: getNamespace(ns)
     9: tryCatch(loadNamespace(name), error = function(e) stop(e))
     10: tryCatchList(expr, classes, parentenv, handlers)
     11: tryCatchOne(expr, names, parentenv, handlers[[1L]])
     12: value[[3L]](cond)
    
     testthat results ================================================================
     OK: 742 SKIPPED: 32 FAILED: 3
     1. Error: loadCMIP5 handles spatial mismatches between ensembles (@test_loadCMIP5.R#104)
     2. Error: loadCMIP5 handles FUN correctly (@test_loadCMIP5.R#193)
     3. Error: loadEnsemble handles no files found (@test_loadEnsemble.R#35)
    
     Error: testthat unit tests failed
     Execution halted
Flavor: r-release-osx-x86_64