Last updated on 2017-12-20 00:47:13 CET.
Flavor | Version | Tinstall | Tcheck | Ttotal | Status | Flags |
---|---|---|---|---|---|---|
r-devel-linux-x86_64-debian-clang | 0.1.0 | 1.54 | 27.02 | 28.56 | OK | |
r-devel-linux-x86_64-debian-gcc | 0.1.0 | OK | ||||
r-devel-linux-x86_64-fedora-clang | 0.1.0 | 38.63 | NOTE | |||
r-devel-linux-x86_64-fedora-gcc | 0.1.0 | 37.22 | NOTE | |||
r-devel-windows-ix86+x86_64 | 0.1.0 | 8.00 | 41.00 | 49.00 | OK | |
r-patched-linux-x86_64 | 0.1.0 | 1.46 | 30.81 | 32.27 | OK | |
r-patched-solaris-x86 | 0.1.0 | 50.00 | OK | |||
r-release-linux-x86_64 | 0.1.0 | 1.64 | 30.04 | 31.68 | OK | |
r-release-windows-ix86+x86_64 | 0.1.0 | 4.00 | 39.00 | 43.00 | OK | |
r-release-osx-x86_64 | 0.1.0 | OK | ||||
r-oldrel-windows-ix86+x86_64 | 0.1.0 | 4.00 | 52.00 | 56.00 | OK | |
r-oldrel-osx-x86_64 | 0.1.0 | OK |
Version: 0.1.0
Check: DESCRIPTION meta-information
Result: NOTE
Dependence on R version ‘3.3.1’ not with patchlevel 0
Flavors: r-devel-linux-x86_64-fedora-clang, r-devel-linux-x86_64-fedora-gcc