CRAN Package Check Results for Package RNetCDF

Last updated on 2017-12-20 00:47:14 CET.

Flavor Version Tinstall Tcheck Ttotal Status Flags
r-devel-linux-x86_64-debian-clang 1.9-1 3.74 20.91 24.65 OK
r-devel-linux-x86_64-debian-gcc 1.9-1 OK
r-devel-linux-x86_64-fedora-clang 1.9-1 32.61 OK
r-devel-linux-x86_64-fedora-gcc 1.9-1 31.70 OK
r-devel-windows-ix86+x86_64 1.9-1 22.00 70.00 92.00 NOTE
r-patched-linux-x86_64 1.9-1 3.25 22.65 25.90 OK
r-patched-solaris-x86 1.9-1 41.90 OK
r-release-linux-x86_64 1.9-1 3.01 22.25 25.26 OK
r-release-windows-ix86+x86_64 1.9-1 21.00 81.00 102.00 NOTE
r-release-osx-x86_64 1.9-1 NOTE
r-oldrel-windows-ix86+x86_64 1.9-1 21.00 58.00 79.00 NOTE
r-oldrel-osx-x86_64 1.9-1 NOTE

Check Details

Version: 1.9-1
Check: installed package size
Result: NOTE
     installed size is 9.3Mb
     sub-directories of 1Mb or more:
     libs 8.9Mb
Flavors: r-devel-windows-ix86+x86_64, r-release-windows-ix86+x86_64, r-release-osx-x86_64, r-oldrel-windows-ix86+x86_64, r-oldrel-osx-x86_64