CRAN Package Check Results for Package RObsDat

Last updated on 2017-12-20 00:47:14 CET.

Flavor Version Tinstall Tcheck Ttotal Status Flags
r-devel-linux-x86_64-debian-clang 16.03 3.02 94.06 97.08 OK
r-devel-linux-x86_64-debian-gcc 16.03 ERROR
r-devel-linux-x86_64-fedora-clang 16.03 113.53 OK
r-devel-linux-x86_64-fedora-gcc 16.03 113.91 OK
r-devel-windows-ix86+x86_64 16.03 10.00 111.00 121.00 OK
r-patched-linux-x86_64 16.03 4.06 112.23 116.29 OK
r-patched-solaris-x86 16.03 144.80 OK
r-release-linux-x86_64 16.03 3.12 109.96 113.08 OK
r-release-windows-ix86+x86_64 16.03 7.00 107.00 114.00 OK
r-release-osx-x86_64 16.03 NOTE
r-oldrel-windows-ix86+x86_64 16.03 10.00 124.00 134.00 OK
r-oldrel-osx-x86_64 16.03 OK

Check Details

Version: 16.03
Check: examples
Result: ERROR
    Running examples in ‘RObsDat-Ex.R’ failed
    The error most likely occurred in:
    
    > base::assign(".ptime", proc.time(), pos = "CheckExEnv")
    > ### Name: RObsDat-package
    > ### Title: R-Package to the observations Data Model from CUAHSI
    > ### Aliases: RObsDat-package RObsDat
    > ### Keywords: package
    >
    > ### ** Examples
    >
    > example(addDataValues)
    
    addDtV> #connect to database
    addDtV> getDefaultDB()
    Loading required namespace: RSQLite
    
    addDtV> ## Not run:
    addDtV> ##D #connect to postgreSQL database
    addDtV> ##D require("RObsDat")
    addDtV> ##D require("RPostgreSQL")
    addDtV> ##D m <- dbDriver("PostgreSQL")
    addDtV> ##D con <- dbConnect(m, user="a_user", password="secret", dbname="obsdat")
    addDtV> ##D sqhandler <- new("odm1_1Ver", con=con)
    addDtV> ##D options(odm.handler=sqhandler)
    addDtV> ##D
    addDtV> ##D #connect to MySQL database
    addDtV> ##D require("RObsDat")
    addDtV> ##D require("RMySQL")
    addDtV> ##D m <- dbDriver("MySQL")
    addDtV> ##D con <- dbConnect(m, user="a_user", password="secret", dbname="obsdat")
    addDtV> ##D sqhandler <- new("odm1_1Ver", con=con)
    addDtV> ##D options(odm.handler=sqhandler)
    addDtV> ##D
    addDtV> ##D #connect to SQLite database
    addDtV> ##D require("RObsDat")
    addDtV> ##D require("RSQLite")
    addDtV> ##D m <- dbDriver("SQLite")
    addDtV> ##D dbname = "database.db"
    addDtV> ##D con <- dbConnect(m, dbname = dbname)
    addDtV> ##D sqhandler <- new("odm1_1Ver", con=con)
    addDtV> ##D options(odm.handler=sqhandler)
    addDtV> ##D
    addDtV> ## End(Not run)
    addDtV>
    addDtV> #Store metadata in database
    addDtV> addSite(Code="test", Name="Virtual test site", x=-5, y=46,
    addDtV+ LatLongDatum="WGS84", Elevation=1500, State="Germany")
    Error in rsqlite_send_query(conn@ptr, statement) :
     attempt to write a readonly database
    Calls: example ... initialize -> initialize -> rsqlite_send_query -> .Call
    Execution halted
Flavor: r-devel-linux-x86_64-debian-gcc

Version: 16.03
Check: re-building of vignette outputs
Result: WARN
    Error in re-building vignettes:
     ...
    Loading required package: RObsDat
    Loading required package: zoo
    
    Attaching package: ‘zoo’
    
    The following objects are masked from ‘package:base’:
    
     as.Date, as.Date.numeric
    
    Loading required namespace: RSQLite
    
    Error: processing vignette ‘RObsDat_Einstiegstutorial.Rnw’ failed with diagnostics:
     chunk 5 (label = part2)
    Error in rsqlite_send_query(conn@ptr, statement) :
     attempt to write a readonly database
    Execution halted
Flavor: r-devel-linux-x86_64-debian-gcc

Version: 16.03
Check: package dependencies
Result: NOTE
    Package suggested but not available for checking: ‘SSOAP’
Flavor: r-release-osx-x86_64