Last updated on 2017-12-20 00:47:15 CET.
Flavor | Version | Tinstall | Tcheck | Ttotal | Status | Flags |
---|---|---|---|---|---|---|
r-devel-linux-x86_64-debian-clang | 1.7.1 | 2.84 | 36.81 | 39.65 | OK | |
r-devel-linux-x86_64-debian-gcc | 1.7.1 | OK | ||||
r-devel-linux-x86_64-fedora-clang | 1.7.1 | 51.77 | NOTE | |||
r-devel-linux-x86_64-fedora-gcc | 1.7.1 | 51.99 | NOTE | |||
r-devel-windows-ix86+x86_64 | 1.7.1 | 10.00 | 54.00 | 64.00 | NOTE | |
r-patched-linux-x86_64 | 1.7.1 | 3.17 | 43.21 | 46.38 | OK | |
r-patched-solaris-x86 | 1.7.1 | 4.30 | ERROR | |||
r-release-linux-x86_64 | 1.7.1 | 2.91 | 42.47 | 45.38 | OK | |
r-release-windows-ix86+x86_64 | 1.7.1 | 6.00 | 59.00 | 65.00 | NOTE | |
r-release-osx-x86_64 | 1.7.1 | NOTE | ||||
r-oldrel-windows-ix86+x86_64 | 1.7.1 | 9.00 | 70.00 | 79.00 | NOTE | |
r-oldrel-osx-x86_64 | 1.7.1 | NOTE |
Version: 1.7.1
Check: package dependencies
Result: NOTE
Package suggested but not available for checking: ‘Rcompression’
Flavors: r-devel-linux-x86_64-fedora-clang, r-devel-linux-x86_64-fedora-gcc, r-devel-windows-ix86+x86_64, r-release-windows-ix86+x86_64, r-release-osx-x86_64, r-oldrel-windows-ix86+x86_64, r-oldrel-osx-x86_64
Version: 1.7.1
Check: dependencies in R code
Result: NOTE
Namespaces in Imports field not imported from:
‘binman’ ‘httr’
All declared Imports should be used.
Flavors: r-devel-linux-x86_64-fedora-clang, r-devel-linux-x86_64-fedora-gcc, r-release-osx-x86_64, r-oldrel-osx-x86_64
Version: 1.7.1
Check: package dependencies
Result: ERROR
Package required but not available: ‘wdman’
Package suggested but not available for checking: ‘Rcompression’
See section ‘The DESCRIPTION file’ in the ‘Writing R Extensions’
manual.
Flavor: r-patched-solaris-x86