CRAN Package Check Results for Package RSpectra

Last updated on 2017-12-20 00:47:15 CET.

Flavor Version Tinstall Tcheck Ttotal Status Flags
r-devel-linux-x86_64-debian-clang 0.12-0 163.63 43.42 207.05 NOTE
r-devel-linux-x86_64-debian-gcc 0.12-0 NOTE
r-devel-linux-x86_64-fedora-clang 0.12-0 301.92 NOTE
r-devel-linux-x86_64-fedora-gcc 0.12-0 309.37 NOTE
r-devel-windows-ix86+x86_64 0.12-0 322.00 94.00 416.00 OK
r-patched-linux-x86_64 0.12-0 154.44 55.48 209.92 NOTE
r-patched-solaris-x86 0.12-0 281.00 OK
r-release-linux-x86_64 0.12-0 157.75 55.16 212.91 NOTE
r-release-windows-ix86+x86_64 0.12-0 236.00 94.00 330.00 OK
r-release-osx-x86_64 0.12-0 NOTE
r-oldrel-windows-ix86+x86_64 0.12-0 327.00 104.00 431.00 OK
r-oldrel-osx-x86_64 0.12-0 NOTE

Check Details

Version: 0.12-0
Check: compiled code
Result: NOTE
    File ‘RSpectra/libs/RSpectra.so’:
     Found no calls to: ‘R_registerRoutines’, ‘R_useDynamicSymbols’
    
    It is good practice to register native routines and to disable symbol
    search.
    
    See ‘Writing portable packages’ in the ‘Writing R Extensions’ manual.
Flavors: r-devel-linux-x86_64-debian-clang, r-devel-linux-x86_64-debian-gcc, r-devel-linux-x86_64-fedora-clang, r-devel-linux-x86_64-fedora-gcc, r-patched-linux-x86_64, r-release-linux-x86_64

Version: 0.12-0
Check: installed package size
Result: NOTE
     installed size is 50.8Mb
     sub-directories of 1Mb or more:
     doc 1.0Mb
     libs 49.4Mb
Flavors: r-devel-linux-x86_64-fedora-clang, r-devel-linux-x86_64-fedora-gcc, r-release-osx-x86_64, r-oldrel-osx-x86_64